207.46.13.154 - - [18/Sep/2026:19:27:36 +0000] "GET /wp-content/uploads/elementor/css/post-1272.css?ver=1789698197 HTTP/2" 200 3095 "https://krishikranti.com.np/product-category/%E0%A4%AC%E0%A5%80%E0%A4%89/" "Mozilla/5.0 AppleWebKit/537.36 (KHTML, like Gecko; compatible; bingbot/2.0; +http://www.bing.com/bingbot.htm) Chrome/136.0.0.0 Safari/537.36 AppleWebKit/537.36 (KHTML, like Gecko; compatible; bingbot/2.0; +http://www.bing.com/bingbot.htm) Chrome/116.0.1938.76 Safari/537.36"
209.42.28.163 - - [18/Sep/2026:19:31:54 +0000] "POST /wp-cron.php?doing_wp_cron=1789759914.0646779537200927734375 HTTP/1.1" 200 0 "-" "WordPress/7.1.1; https://krishikranti.com.np"
45.123.221.95 - - [18/Sep/2026:19:31:52 +0000] "GET /wp-content/plugins/rometheme-for-elementor/widgets/assets/css/client_carousel.css?ver=1.5.1 HTTP/3" 404 11459 "https://krishikranti.com.np/" "Mozilla/5.0 (Linux; Android 10; K) AppleWebKit/537.36 (KHTML, like Gecko) Chrome/152.0.0.0 Mobile Safari/537.36"
45.123.221.95 - - [18/Sep/2026:19:31:52 +0000] "GET /wp-content/plugins/rometheme-for-elementor/widgets/assets/css/postlist.css?ver=1.5.1 HTTP/3" 404 11459 "https://krishikranti.com.np/" "Mozilla/5.0 (Linux; Android 10; K) AppleWebKit/537.36 (KHTML, like Gecko) Chrome/152.0.0.0 Mobile Safari/537.36"
45.123.221.95 - - [18/Sep/2026:19:31:52 +0000] "GET /wp-content/plugins/rometheme-for-elementor/widgets/assets/css/image_comparison.css?ver=1.5.1 HTTP/3" 404 11495 "https://krishikranti.com.np/" "Mozilla/5.0 (Linux; Android 10; K) AppleWebKit/537.36 (KHTML, like Gecko) Chrome/152.0.0.0 Mobile Safari/537.36"
45.123.221.95 - - [18/Sep/2026:19:31:52 +0000] "GET /wp-content/plugins/rometheme-for-elementor/widgets/assets/js/client_carousel.js?ver=1.5.1 HTTP/3" 404 11495 "https://krishikranti.com.np/" "Mozilla/5.0 (Linux; Android 10; K) AppleWebKit/537.36 (KHTML, like Gecko) Chrome/152.0.0.0 Mobile Safari/537.36"
45.123.221.95 - - [18/Sep/2026:19:31:52 +0000] "GET /wp-content/plugins/rometheme-for-elementor/widgets/assets/js/image_comparison.js?ver=1.5.1 HTTP/3" 404 11459 "https://krishikranti.com.np/" "Mozilla/5.0 (Linux; Android 10; K) AppleWebKit/537.36 (KHTML, like Gecko) Chrome/152.0.0.0 Mobile Safari/537.36"
45.123.221.95 - - [18/Sep/2026:19:31:57 +0000] "GET /favicon.ico HTTP/3" 404 1251 "https://krishikranti.com.np/" "Mozilla/5.0 (Linux; Android 10; K) AppleWebKit/537.36 (KHTML, like Gecko) Chrome/152.0.0.0 Mobile Safari/537.36"
209.42.28.163 - - [18/Sep/2026:19:47:39 +0000] "POST /wp-cron.php?doing_wp_cron=1789760859.2463130950927734375000 HTTP/1.1" 200 0 "-" "WordPress/7.1.1; https://krishikranti.com.np"
216.73.217.100 - - [18/Sep/2026:19:47:38 +0000] "GET /wp-sitemap.xml HTTP/2" 200 211 "-" "Mozilla/5.0 AppleWebKit/537.36 (KHTML, like Gecko; compatible; ClaudeBot/1.0; +claudebot@anthropic.com)"
209.42.28.163 - - [18/Sep/2026:19:49:02 +0000] "POST /wp-cron.php?doing_wp_cron=1789760942.8078300952911376953125 HTTP/1.1" 200 0 "-" "WordPress/7.1.1; https://krishikranti.com.np"
45.86.202.216 - - [18/Sep/2026:19:49:01 +0000] "POST /wp-login.php HTTP/1.1" 200 2485 "-" "Mozilla/5.0 (Macintosh; Intel Mac OS X 10_15_7) AppleWebKit/605.1.15 Version/17.0 Safari/605.1.15"
193.29.139.251 - - [18/Sep/2026:19:50:14 +0000] "GET / HTTP/1.1" 200 39159 "-" "Mozilla/5.0 (Macintosh; Intel Mac OS X 10.12; rv:51.0) Gecko/20100101 Firefox/51.0"
193.29.139.251 - - [18/Sep/2026:19:50:18 +0000] "POST /wp-admin/admin-ajax.php HTTP/1.1" 400 21 "https://krishikranti.com.np/" "Mozilla/5.0 (Macintosh; Intel Mac OS X 10.12; rv:51.0) Gecko/20100101 Firefox/51.0"
209.42.28.163 - - [18/Sep/2026:20:00:23 +0000] "POST /wp-cron.php?doing_wp_cron=1789761623.2211930751800537109375 HTTP/1.1" 200 0 "-" "WordPress/7.1.1; https://krishikranti.com.np"
205.188.103.177 - - [18/Sep/2026:20:00:22 +0000] "GET /robots.txt HTTP/1.1" 200 144 "-" "Mozilla/5.0 (compatible; ExaSearchBot/1.0; +https://crawler.exa.ai/)"
209.42.28.163 - - [18/Sep/2026:20:01:46 +0000] "POST /wp-cron.php?doing_wp_cron=1789761706.2718870639801025390625 HTTP/1.1" 200 0 "-" "WordPress/7.1.1; https://krishikranti.com.np"
205.188.103.40 - - [18/Sep/2026:20:01:45 +0000] "GET /product/chaff-cutter-indian/ HTTP/1.1" 200 21942 "-" "Mozilla/5.0 (compatible; ExaSearchBot/1.0; +https://crawler.exa.ai/)"
192.178.6.137 - - [18/Sep/2026:20:01:58 +0000] "GET /wp-content/uploads/2024/10/icon-8.png HTTP/1.1" 304 0 "-" "Googlebot-Image/1.0"
193.108.118.74 - - [18/Sep/2026:20:02:16 +0000] "GET /file2.php HTTP/2" 200 5366 "-" "Mozilla/5.0 (Windows NT 10.0; Win64; x64) AppleWebKit/537.36 (KHTML, like Gecko) Chrome/153.0.0.0 Safari/537.36"
193.108.118.74 - - [18/Sep/2026:20:02:35 +0000] "GET /favicon.ico HTTP/2" 404 1251 "https://krishikranti.com.np/file2.php" "Mozilla/5.0 (Windows NT 10.0; Win64; x64) AppleWebKit/537.36 (KHTML, like Gecko) Chrome/153.0.0.0 Safari/537.36"
209.42.28.163 - - [18/Sep/2026:20:03:00 +0000] "POST /wp-cron.php?doing_wp_cron=1789761780.9613330364227294921875 HTTP/1.1" 200 0 "-" "WordPress/7.1.1; https://krishikranti.com.np"
205.188.103.41 - - [18/Sep/2026:20:02:59 +0000] "GET /product/castrator-small-medium-large-%e0%a4%aa%e0%a4%b6%e0%a5%81-%e0%a4%aa%e0%a4%be%e0%a4%b2%e0%a5%8d%e0%a4%a8/ HTTP/1.1" 200 21980 "-" "Mozilla/5.0 (compatible; ExaSearchBot/1.0; +https://crawler.exa.ai/)"
87.56.8.178 - - [18/Sep/2026:20:15:51 +0000] "GET /wp-content/uploads/2024/10/free-range-chickens-2023-11-27-05-05-01-utc-2048x1365-1-600x400.jpg HTTP/1.1" 200 50483 "-" "Mozilla/5.0 (compatible; crawler)"
209.42.28.163 - - [18/Sep/2026:20:16:02 +0000] "POST /wp-cron.php?doing_wp_cron=1789762562.3451199531555175781250 HTTP/1.1" 200 0 "-" "WordPress/7.1.1; https://krishikranti.com.np"
45.86.202.216 - - [18/Sep/2026:20:16:01 +0000] "POST /wp-login.php HTTP/1.1" 200 2485 "-" "Mozilla/5.0 (Windows NT 10.0; Win64; x64) AppleWebKit/537.36 Chrome/129.0.0.0 Safari/537.36"
192.178.6.128 - - [18/Sep/2026:20:25:05 +0000] "GET /wp-content/uploads/2024/10/icon-19-1.png HTTP/1.1" 304 0 "-" "Googlebot-Image/1.0"
209.42.28.163 - - [18/Sep/2026:20:29:52 +0000] "POST /wp-cron.php?doing_wp_cron=1789763392.6281399726867675781250 HTTP/1.1" 200 0 "-" "WordPress/7.1.1; https://krishikranti.com.np"
16.216.88.172 - - [18/Sep/2026:20:29:51 +0000] "GET /%E0%A4%AA%E0%A4%B6%E0%A5%81-%E0%A4%95%E0%A5%8B-%E0%A4%97%E0%A5%8B%E0%A4%A0-%E0%A4%AE%E0%A4%BE-%E0%A4%9D%E0%A4%BF%E0%A4%9C%E0%A4%BE-%E0%A4%A8%E0%A4%BF%E0%A4%AF%E0%A4%A8%E0%A5%8D%E0%A4%A4%E0%A5%8D/ HTTP/2" 200 20299 "-" "Mozilla/5.0 AppleWebKit/537.36 (KHTML, like Gecko; compatible; Reflectionbot/1.0; +https://reflection.ai/bot) Chrome/151.0.0.0 Safari/537.36"
209.42.28.163 - - [18/Sep/2026:20:36:15 +0000] "POST /wp-cron.php?doing_wp_cron=1789763775.0408320426940917968750 HTTP/1.1" 200 0 "-" "WordPress/7.1.1; https://krishikranti.com.np"
216.73.217.100 - - [18/Sep/2026:20:36:14 +0000] "GET /robots.txt HTTP/2" 200 144 "-" "Mozilla/5.0 AppleWebKit/537.36 (KHTML, like Gecko; compatible; ClaudeBot/1.0; +claudebot@anthropic.com)"
216.73.217.100 - - [18/Sep/2026:20:36:15 +0000] "GET /wp-sitemap.xml HTTP/2" 200 211 "-" "Mozilla/5.0 AppleWebKit/537.36 (KHTML, like Gecko; compatible; ClaudeBot/1.0; +claudebot@anthropic.com)"
81.171.72.93 - - [18/Sep/2026:20:47:36 +0000] "GET / HTTP/1.1" 200 318 "-" "Go-http-client/1.1"
81.171.72.93 - - [18/Sep/2026:20:47:36 +0000] "POST / HTTP/1.1" 401 53 "-" "Go-http-client/1.1"
81.171.72.93 - - [18/Sep/2026:20:47:36 +0000] "HEAD / HTTP/1.1" 200 0 "-" "Go-http-client/1.1"
81.171.72.93 - - [18/Sep/2026:20:47:36 +0000] "POST / HTTP/1.1" 200 318 "-" "Go-http-client/1.1"
81.171.72.93 - - [18/Sep/2026:20:47:36 +0000] "HEAD / HTTP/1.1" 401 0 "-" "Go-http-client/1.1"
81.171.74.60 - - [18/Sep/2026:20:47:36 +0000] "HEAD / HTTP/1.1" 401 0 "-" "Go-http-client/1.1"
91.148.244.131 - - [18/Sep/2026:20:47:36 +0000] "POST / HTTP/1.1" 400 52 "-" "Go-http-client/1.1"
91.148.244.131 - - [18/Sep/2026:20:47:36 +0000] "GET / HTTP/1.1" 400 52 "-" "Go-http-client/1.1"
81.171.74.60 - - [18/Sep/2026:20:47:36 +0000] "GET / HTTP/1.1" 401 53 "-" "Go-http-client/1.1"
81.171.74.60 - - [18/Sep/2026:20:47:36 +0000] "POST / HTTP/1.1" 401 53 "-" "Go-http-client/1.1"
81.171.74.60 - - [18/Sep/2026:20:47:36 +0000] "GET / HTTP/1.1" 401 53 "-" "Go-http-client/1.1"
81.171.74.60 - - [18/Sep/2026:20:47:36 +0000] "HEAD / HTTP/1.1" 401 0 "-" "Go-http-client/1.1"
81.171.72.93 - - [18/Sep/2026:20:47:36 +0000] "POST / HTTP/1.1" 200 12499 "-" "Go-http-client/1.1"
81.171.72.93 - - [18/Sep/2026:20:47:36 +0000] "HEAD / HTTP/1.1" 200 0 "-" "Go-http-client/1.1"
81.171.72.93 - - [18/Sep/2026:20:47:36 +0000] "GET / HTTP/1.1" 200 12493 "-" "Go-http-client/1.1"
81.171.72.93 - - [18/Sep/2026:20:47:36 +0000] "GET /.git/HEAD HTTP/1.1" 401 53 "-" "Go-http-client/1.1"
81.171.72.93 - - [18/Sep/2026:20:47:36 +0000] "GET /config.php HTTP/1.1" 200 318 "-" "Go-http-client/1.1"
81.171.72.93 - - [18/Sep/2026:20:47:37 +0000] "GET /.ssh/id_rsa HTTP/1.1" 200 318 "-" "Go-http-client/1.1"
81.171.72.93 - - [18/Sep/2026:20:47:37 +0000] "GET /backup.sql HTTP/1.1" 401 53 "-" "Go-http-client/1.1"
81.171.72.93 - - [18/Sep/2026:20:47:37 +0000] "GET /.ssh/id_ed25519 HTTP/1.1" 401 53 "-" "Go-http-client/1.1"
81.171.72.93 - - [18/Sep/2026:20:47:37 +0000] "GET /database_backup.sql HTTP/1.1" 200 318 "-" "Go-http-client/1.1"
81.171.72.93 - - [18/Sep/2026:20:47:37 +0000] "GET /storage/logs/laravel.log HTTP/1.1" 401 53 "-" "Go-http-client/1.1"
81.171.72.93 - - [18/Sep/2026:20:47:37 +0000] "GET /user_secrets.yml HTTP/1.1" 401 53 "-" "Go-http-client/1.1"
81.171.72.93 - - [18/Sep/2026:20:47:37 +0000] "GET /storage/logs/laravel.log HTTP/1.1" 200 318 "-" "Go-http-client/1.1"
81.171.72.93 - - [18/Sep/2026:20:47:37 +0000] "GET /zzcanary-446e1f2fcc2105e7.sql HTTP/1.1" 200 318 "-" "Go-http-client/1.1"
81.171.72.93 - - [18/Sep/2026:20:47:37 +0000] "GET /.env.production HTTP/1.1" 401 53 "-" "Go-http-client/1.1"
81.171.72.93 - - [18/Sep/2026:20:47:37 +0000] "GET /server.key HTTP/1.1" 401 53 "-" "Go-http-client/1.1"
81.171.72.93 - - [18/Sep/2026:20:47:37 +0000] "GET /zzcanary-769ee4107056de69.php HTTP/1.1" 200 318 "-" "Go-http-client/1.1"
81.171.72.93 - - [18/Sep/2026:20:47:37 +0000] "GET /.vscode/sftp.json HTTP/1.1" 401 53 "-" "Go-http-client/1.1"
81.171.72.93 - - [18/Sep/2026:20:47:37 +0000] "GET /backup.zip HTTP/1.1" 404 3421 "-" "Go-http-client/1.1"
81.171.72.93 - - [18/Sep/2026:20:47:37 +0000] "GET /database.sql HTTP/1.1" 404 3421 "-" "Go-http-client/1.1"
81.171.72.93 - - [18/Sep/2026:20:47:37 +0000] "GET /secrets.json HTTP/1.1" 401 53 "-" "Go-http-client/1.1"
81.171.72.93 - - [18/Sep/2026:20:47:37 +0000] "GET /config.php HTTP/1.1" 404 3421 "-" "Go-http-client/1.1"
81.171.72.93 - - [18/Sep/2026:20:47:37 +0000] "GET /.git/HEAD HTTP/1.1" 404 3421 "-" "Go-http-client/1.1"
81.171.72.93 - - [18/Sep/2026:20:47:37 +0000] "GET /.ssh/zzcanary-b631bf4e4c13f35 HTTP/1.1" 200 318 "-" "Go-http-client/1.1"
81.171.72.93 - - [18/Sep/2026:20:47:37 +0000] "GET /database_backup.sql HTTP/1.1" 404 3421 "-" "Go-http-client/1.1"
81.171.72.93 - - [18/Sep/2026:20:47:37 +0000] "GET /storage/logs/laravel.log HTTP/1.1" 404 3421 "-" "Go-http-client/1.1"
81.171.72.93 - - [18/Sep/2026:20:47:37 +0000] "GET /actuator/heapdump HTTP/1.1" 404 3421 "-" "Go-http-client/1.1"
81.171.72.93 - - [18/Sep/2026:20:47:37 +0000] "GET /.ssh/id_ed25519 HTTP/1.1" 404 3421 "-" "Go-http-client/1.1"
81.171.72.93 - - [18/Sep/2026:20:47:37 +0000] "GET /_vti_pvt/service.pwd HTTP/1.1" 200 318 "-" "Go-http-client/1.1"
81.171.72.93 - - [18/Sep/2026:20:47:37 +0000] "GET /storage/logs/zzcanary-50c594456e53a7d0 HTTP/1.1" 200 318 "-" "Go-http-client/1.1"
81.171.72.93 - - [18/Sep/2026:20:47:37 +0000] "GET /.npmrc HTTP/1.1" 401 53 "-" "Go-http-client/1.1"
81.171.72.93 - - [18/Sep/2026:20:47:37 +0000] "GET /.bash_history HTTP/1.1" 401 53 "-" "Go-http-client/1.1"
81.171.72.93 - - [18/Sep/2026:20:47:37 +0000] "GET /wp-admin/setup-config.php HTTP/1.1" 200 318 "-" "Go-http-client/1.1"
81.171.72.93 - - [18/Sep/2026:20:47:37 +0000] "GET /backup.zip HTTP/1.1" 401 53 "-" "Go-http-client/1.1"
81.171.72.93 - - [18/Sep/2026:20:47:37 +0000] "GET /database.sql HTTP/1.1" 401 53 "-" "Go-http-client/1.1"
81.171.72.93 - - [18/Sep/2026:20:47:37 +0000] "GET /.svn/wc.db HTTP/1.1" 404 3421 "-" "Go-http-client/1.1"
81.171.74.60 - - [18/Sep/2026:20:47:37 +0000] "GET /config.xml HTTP/1.1" 401 53 "-" "Go-http-client/1.1"
91.148.244.131 - - [18/Sep/2026:20:47:37 +0000] "GET /storage/logs/laravel.log HTTP/1.1" 400 52 "-" "Go-http-client/1.1"
91.148.244.131 - - [18/Sep/2026:20:47:37 +0000] "GET /.git/HEAD HTTP/1.1" 400 52 "-" "Go-http-client/1.1"
81.171.72.93 - - [18/Sep/2026:20:47:37 +0000] "GET /backup.tar.gz HTTP/1.1" 404 3526 "-" "Go-http-client/1.1"
81.171.74.60 - - [18/Sep/2026:20:47:37 +0000] "GET /storage/logs/laravel.log HTTP/1.1" 401 53 "-" "Go-http-client/1.1"
81.171.72.93 - - [18/Sep/2026:20:47:37 +0000] "GET /api/.env HTTP/1.1" 404 3421 "-" "Go-http-client/1.1"
81.171.72.93 - - [18/Sep/2026:20:47:37 +0000] "GET /.env HTTP/1.1" 404 3421 "-" "Go-http-client/1.1"
81.171.72.93 - - [18/Sep/2026:20:47:37 +0000] "GET /actuator/heapdump HTTP/1.1" 200 318 "-" "Go-http-client/1.1"
81.171.72.93 - - [18/Sep/2026:20:47:37 +0000] "GET /database_backup.sql HTTP/1.1" 401 53 "-" "Go-http-client/1.1"
81.171.74.60 - - [18/Sep/2026:20:47:37 +0000] "GET /config.php HTTP/1.1" 401 53 "-" "Go-http-client/1.1"
81.171.72.93 - - [18/Sep/2026:20:47:37 +0000] "GET /wp-config.php HTTP/1.1" 401 53 "-" "Go-http-client/1.1"
81.171.72.93 - - [18/Sep/2026:20:47:37 +0000] "GET /_vti_pvt/zzcanary-aae9625bddcbe55 HTTP/1.1" 200 318 "-" "Go-http-client/1.1"
81.171.72.93 - - [18/Sep/2026:20:47:37 +0000] "GET /config.xml HTTP/1.1" 401 53 "-" "Go-http-client/1.1"
81.171.72.93 - - [18/Sep/2026:20:47:37 +0000] "GET /.git/HEAD HTTP/1.1" 200 318 "-" "Go-http-client/1.1"
81.171.74.60 - - [18/Sep/2026:20:47:37 +0000] "GET /dump.sql HTTP/1.1" 401 53 "-" "Go-http-client/1.1"
81.171.74.60 - - [18/Sep/2026:20:47:38 +0000] "GET /config.php HTTP/1.1" 401 53 "-" "Go-http-client/1.1"
81.171.74.60 - - [18/Sep/2026:20:47:38 +0000] "GET /database_backup.sql HTTP/1.1" 401 53 "-" "Go-http-client/1.1"
91.148.244.131 - - [18/Sep/2026:20:47:38 +0000] "GET /database.sql HTTP/1.1" 400 52 "-" "Go-http-client/1.1"
91.148.244.131 - - [18/Sep/2026:20:47:38 +0000] "GET /.svn/wc.db HTTP/1.1" 400 52 "-" "Go-http-client/1.1"
81.171.74.60 - - [18/Sep/2026:20:47:38 +0000] "GET /database_backup.sql HTTP/1.1" 401 53 "-" "Go-http-client/1.1"
81.171.72.93 - - [18/Sep/2026:20:47:38 +0000] "GET /docker-compose.yml HTTP/1.1" 404 3421 "-" "Go-http-client/1.1"
81.171.72.93 - - [18/Sep/2026:20:47:38 +0000] "GET /backup.sql HTTP/1.1" 404 3421 "-" "Go-http-client/1.1"
81.171.72.93 - - [18/Sep/2026:20:47:38 +0000] "GET /actuator/zzcanary-51c9953fd58d0554 HTTP/1.1" 200 318 "-" "Go-http-client/1.1"
81.171.72.93 - - [18/Sep/2026:20:47:38 +0000] "GET /config.php HTTP/1.1" 401 53 "-" "Go-http-client/1.1"
81.171.72.93 - - [18/Sep/2026:20:47:38 +0000] "GET /phpinfo.php HTTP/1.1" 200 12492 "-" "Go-http-client/1.1"
81.171.72.93 - - [18/Sep/2026:20:47:38 +0000] "GET /.git/zzcanary-33b164a522183338 HTTP/1.1" 200 318 "-" "Go-http-client/1.1"
81.171.74.60 - - [18/Sep/2026:20:47:38 +0000] "GET /storage/logs/laravel.log HTTP/1.1" 401 53 "-" "Go-http-client/1.1"
91.148.244.131 - - [18/Sep/2026:20:47:38 +0000] "GET /config.php HTTP/1.1" 400 52 "-" "Go-http-client/1.1"
81.171.72.93 - - [18/Sep/2026:20:47:38 +0000] "GET /dump.sql HTTP/1.1" 401 53 "-" "Go-http-client/1.1"
81.171.72.93 - - [18/Sep/2026:20:47:38 +0000] "GET /docker-compose.yml HTTP/1.1" 401 53 "-" "Go-http-client/1.1"
81.171.72.93 - - [18/Sep/2026:20:47:38 +0000] "GET /wp-config.php HTTP/1.1" 200 318 "-" "Go-http-client/1.1"
91.148.244.131 - - [18/Sep/2026:20:47:38 +0000] "GET /config.xml HTTP/1.1" 400 52 "-" "Go-http-client/1.1"
81.171.74.60 - - [18/Sep/2026:20:47:38 +0000] "GET /.ssh/id_rsa HTTP/1.1" 401 53 "-" "Go-http-client/1.1"
81.171.72.93 - - [18/Sep/2026:20:47:38 +0000] "GET /user_secrets.yml HTTP/1.1" 404 3421 "-" "Go-http-client/1.1"
81.171.72.93 - - [18/Sep/2026:20:47:38 +0000] "GET /secrets.json HTTP/1.1" 404 3421 "-" "Go-http-client/1.1"
81.171.72.93 - - [18/Sep/2026:20:47:38 +0000] "GET /.env HTTP/1.1" 401 53 "-" "Go-http-client/1.1"
81.171.72.93 - - [18/Sep/2026:20:47:38 +0000] "GET /.env HTTP/1.1" 200 318 "-" "Go-http-client/1.1"
81.171.74.60 - - [18/Sep/2026:20:47:38 +0000] "GET /wp-config.php HTTP/1.1" 401 53 "-" "Go-http-client/1.1"
81.171.72.93 - - [18/Sep/2026:20:47:38 +0000] "GET /backup.zip HTTP/1.1" 200 318 "-" "Go-http-client/1.1"
81.171.74.60 - - [18/Sep/2026:20:47:38 +0000] "GET /backup.zip HTTP/1.1" 401 53 "-" "Go-http-client/1.1"
81.171.74.60 - - [18/Sep/2026:20:47:38 +0000] "GET /backup.sql HTTP/1.1" 401 53 "-" "Go-http-client/1.1"
81.171.72.93 - - [18/Sep/2026:20:47:38 +0000] "GET /.npmrc HTTP/1.1" 404 3421 "-" "Go-http-client/1.1"
91.148.244.131 - - [18/Sep/2026:20:47:38 +0000] "GET /wp-config.php HTTP/1.1" 400 52 "-" "Go-http-client/1.1"
81.171.72.93 - - [18/Sep/2026:20:47:38 +0000] "GET /.bash_history HTTP/1.1" 404 3421 "-" "Go-http-client/1.1"
81.171.74.60 - - [18/Sep/2026:20:47:38 +0000] "GET /actuator/heapdump HTTP/1.1" 401 53 "-" "Go-http-client/1.1"
81.171.72.93 - - [18/Sep/2026:20:47:38 +0000] "GET /zzcanary-2525e88505a2f843.php HTTP/1.1" 404 3421 "-" "Go-http-client/1.1"
81.171.72.93 - - [18/Sep/2026:20:47:38 +0000] "GET /api/.env HTTP/1.1" 401 53 "-" "Go-http-client/1.1"
91.148.244.131 - - [18/Sep/2026:20:47:38 +0000] "GET /database_backup.sql HTTP/1.1" 400 52 "-" "Go-http-client/1.1"
81.171.74.60 - - [18/Sep/2026:20:47:38 +0000] "GET /dump.sql HTTP/1.1" 401 53 "-" "Go-http-client/1.1"
81.171.72.93 - - [18/Sep/2026:20:47:38 +0000] "GET /phpinfo.php HTTP/1.1" 401 53 "-" "Go-http-client/1.1"
81.171.72.93 - - [18/Sep/2026:20:47:38 +0000] "GET /api/.env HTTP/1.1" 200 318 "-" "Go-http-client/1.1"
81.171.72.93 - - [18/Sep/2026:20:47:38 +0000] "GET /zzcanary-3683eae6a5f84cb8.env HTTP/1.1" 200 318 "-" "Go-http-client/1.1"
81.171.72.93 - - [18/Sep/2026:20:47:38 +0000] "GET /.svn/wc.db HTTP/1.1" 401 53 "-" "Go-http-client/1.1"
91.148.244.131 - - [18/Sep/2026:20:47:38 +0000] "GET /backup.zip HTTP/1.1" 400 52 "-" "Go-http-client/1.1"
81.171.74.60 - - [18/Sep/2026:20:47:38 +0000] "GET /.svn/wc.db HTTP/1.1" 401 53 "-" "Go-http-client/1.1"
81.171.72.93 - - [18/Sep/2026:20:47:38 +0000] "GET /actuator/heapdump HTTP/1.1" 401 53 "-" "Go-http-client/1.1"
91.148.244.131 - - [18/Sep/2026:20:47:38 +0000] "GET /actuator/heapdump HTTP/1.1" 400 52 "-" "Go-http-client/1.1"
81.171.72.93 - - [18/Sep/2026:20:47:38 +0000] "GET /zzcanary-3bdc2ecde915a0b2 HTTP/1.1" 200 318 "-" "Go-http-client/1.1"
81.171.74.60 - - [18/Sep/2026:20:47:38 +0000] "GET /actuator/heapdump HTTP/1.1" 401 53 "-" "Go-http-client/1.1"
81.171.72.93 - - [18/Sep/2026:20:47:38 +0000] "GET /dump.sql HTTP/1.1" 404 3421 "-" "Go-http-client/1.1"
81.171.72.93 - - [18/Sep/2026:20:47:38 +0000] "GET /_vti_pvt/service.pwd HTTP/1.1" 404 3421 "-" "Go-http-client/1.1"
81.171.72.93 - - [18/Sep/2026:20:47:38 +0000] "GET /.ssh/id_rsa HTTP/1.1" 404 3421 "-" "Go-http-client/1.1"
81.171.72.93 - - [18/Sep/2026:20:47:38 +0000] "GET /backup.tar.gz HTTP/1.1" 401 53 "-" "Go-http-client/1.1"
81.171.72.93 - - [18/Sep/2026:20:47:38 +0000] "GET /phpinfo.php HTTP/1.1" 200 318 "-" "Go-http-client/1.1"
81.171.72.93 - - [18/Sep/2026:20:47:38 +0000] "GET /_vti_pvt/service.pwd HTTP/1.1" 401 53 "-" "Go-http-client/1.1"
81.171.72.93 - - [18/Sep/2026:20:47:38 +0000] "GET /api/zzcanary-5556db8c34f81e39.env HTTP/1.1" 200 318 "-" "Go-http-client/1.1"
81.171.72.93 - - [18/Sep/2026:20:47:38 +0000] "GET /.ssh/id_rsa HTTP/1.1" 401 53 "-" "Go-http-client/1.1"
81.171.74.60 - - [18/Sep/2026:20:47:38 +0000] "GET /backup.tar.gz HTTP/1.1" 401 53 "-" "Go-http-client/1.1"
81.171.74.60 - - [18/Sep/2026:20:47:38 +0000] "GET /.ssh/id_ed25519 HTTP/1.1" 401 53 "-" "Go-http-client/1.1"
81.171.74.60 - - [18/Sep/2026:20:47:38 +0000] "GET /wp-config.php HTTP/1.1" 401 53 "-" "Go-http-client/1.1"
81.171.72.93 - - [18/Sep/2026:20:47:38 +0000] "GET /.env.production HTTP/1.1" 404 3421 "-" "Go-http-client/1.1"
81.171.72.93 - - [18/Sep/2026:20:47:38 +0000] "GET /docker-compose.yml HTTP/1.1" 200 318 "-" "Go-http-client/1.1"
81.171.72.93 - - [18/Sep/2026:20:47:39 +0000] "GET /wp-admin/setup-config.php HTTP/1.1" 404 3421 "-" "Go-http-client/1.1"
81.171.72.93 - - [18/Sep/2026:20:47:39 +0000] "GET /server.key HTTP/1.1" 404 3421 "-" "Go-http-client/1.1"
91.148.244.131 - - [18/Sep/2026:20:47:39 +0000] "GET /.ssh/id_rsa HTTP/1.1" 400 52 "-" "Go-http-client/1.1"
81.171.72.93 - - [18/Sep/2026:20:47:39 +0000] "GET /wp-admin/setup-config.php HTTP/1.1" 401 53 "-" "Go-http-client/1.1"
81.171.74.60 - - [18/Sep/2026:20:47:39 +0000] "GET /.ssh/id_rsa HTTP/1.1" 401 53 "-" "Go-http-client/1.1"
81.171.74.60 - - [18/Sep/2026:20:47:39 +0000] "GET /backup.zip HTTP/1.1" 401 53 "-" "Go-http-client/1.1"
91.148.244.131 - - [18/Sep/2026:20:47:39 +0000] "GET /backup.tar.gz HTTP/1.1" 400 52 "-" "Go-http-client/1.1"
91.148.244.131 - - [18/Sep/2026:20:47:39 +0000] "GET /.ssh/id_ed25519 HTTP/1.1" 400 52 "-" "Go-http-client/1.1"
81.171.72.93 - - [18/Sep/2026:20:47:39 +0000] "GET /user_secrets.yml HTTP/1.1" 200 318 "-" "Go-http-client/1.1"
81.171.74.60 - - [18/Sep/2026:20:47:39 +0000] "GET /_vti_pvt/service.pwd HTTP/1.1" 401 53 "-" "Go-http-client/1.1"
91.148.244.131 - - [18/Sep/2026:20:47:39 +0000] "GET /dump.sql HTTP/1.1" 400 52 "-" "Go-http-client/1.1"
81.171.72.93 - - [18/Sep/2026:20:47:39 +0000] "GET /.env.production HTTP/1.1" 200 318 "-" "Go-http-client/1.1"
81.171.72.93 - - [18/Sep/2026:20:47:39 +0000] "GET /wp-admin/zzcanary-59b13a8832ee448b.php HTTP/1.1" 200 318 "-" "Go-http-client/1.1"
81.171.74.60 - - [18/Sep/2026:20:47:39 +0000] "GET /docker-compose.yml HTTP/1.1" 401 53 "-" "Go-http-client/1.1"
81.171.72.93 - - [18/Sep/2026:20:47:39 +0000] "GET /wp-config.php HTTP/1.1" 404 3421 "-" "Go-http-client/1.1"
81.171.72.93 - - [18/Sep/2026:20:47:39 +0000] "GET /.vscode/sftp.json HTTP/1.1" 404 3421 "-" "Go-http-client/1.1"
81.171.72.93 - - [18/Sep/2026:20:47:39 +0000] "GET /config.xml HTTP/1.1" 404 3421 "-" "Go-http-client/1.1"
81.171.72.93 - - [18/Sep/2026:20:47:39 +0000] "GET /zzcanary-74456c8dc5d2b5e3.yml HTTP/1.1" 200 318 "-" "Go-http-client/1.1"
81.171.74.60 - - [18/Sep/2026:20:47:39 +0000] "GET /wp-admin/setup-config.php HTTP/1.1" 401 53 "-" "Go-http-client/1.1"
81.171.74.60 - - [18/Sep/2026:20:47:39 +0000] "GET /_vti_pvt/service.pwd HTTP/1.1" 401 53 "-" "Go-http-client/1.1"
81.171.74.60 - - [18/Sep/2026:20:47:39 +0000] "GET /.git/HEAD HTTP/1.1" 401 53 "-" "Go-http-client/1.1"
91.148.244.131 - - [18/Sep/2026:20:47:39 +0000] "GET /_vti_pvt/service.pwd HTTP/1.1" 400 52 "-" "Go-http-client/1.1"
91.148.244.131 - - [18/Sep/2026:20:47:39 +0000] "GET /backup.sql HTTP/1.1" 400 52 "-" "Go-http-client/1.1"
81.171.74.60 - - [18/Sep/2026:20:47:39 +0000] "GET /.env HTTP/1.1" 401 53 "-" "Go-http-client/1.1"
81.171.72.93 - - [18/Sep/2026:20:47:39 +0000] "GET /secrets.json HTTP/1.1" 200 318 "-" "Go-http-client/1.1"
81.171.72.93 - - [18/Sep/2026:20:47:39 +0000] "GET /.vscode/sftp.json HTTP/1.1" 200 318 "-" "Go-http-client/1.1"
81.171.72.93 - - [18/Sep/2026:20:47:39 +0000] "GET /server.key HTTP/1.1" 200 318 "-" "Go-http-client/1.1"
81.171.72.93 - - [18/Sep/2026:20:47:39 +0000] "GET /.npmrc HTTP/1.1" 200 318 "-" "Go-http-client/1.1"
81.171.74.60 - - [18/Sep/2026:20:47:39 +0000] "GET /api/.env HTTP/1.1" 401 53 "-" "Go-http-client/1.1"
81.171.74.60 - - [18/Sep/2026:20:47:39 +0000] "GET /wp-admin/setup-config.php HTTP/1.1" 401 53 "-" "Go-http-client/1.1"
91.148.244.131 - - [18/Sep/2026:20:47:39 +0000] "GET /.env.production HTTP/1.1" 400 52 "-" "Go-http-client/1.1"
91.148.244.131 - - [18/Sep/2026:20:47:39 +0000] "GET /wp-admin/setup-config.php HTTP/1.1" 400 52 "-" "Go-http-client/1.1"
81.171.74.60 - - [18/Sep/2026:20:47:39 +0000] "GET /.git/HEAD HTTP/1.1" 401 53 "-" "Go-http-client/1.1"
81.171.72.93 - - [18/Sep/2026:20:47:39 +0000] "GET /.vscode/zzcanary-4db4dfb6e959f5b1.json HTTP/1.1" 200 318 "-" "Go-http-client/1.1"
81.171.72.93 - - [18/Sep/2026:20:47:39 +0000] "GET /.bash_history HTTP/1.1" 200 318 "-" "Go-http-client/1.1"
91.148.244.131 - - [18/Sep/2026:20:47:39 +0000] "GET /.env HTTP/1.1" 400 52 "-" "Go-http-client/1.1"
81.171.72.93 - - [18/Sep/2026:20:47:39 +0000] "GET /zzcanary-30b91430784fd12e.json HTTP/1.1" 200 318 "-" "Go-http-client/1.1"
81.171.72.93 - - [18/Sep/2026:20:47:39 +0000] "GET /backup.tar.gz HTTP/1.1" 200 318 "-" "Go-http-client/1.1"
81.171.74.60 - - [18/Sep/2026:20:47:39 +0000] "GET /phpinfo.php HTTP/1.1" 401 53 "-" "Go-http-client/1.1"
81.171.74.60 - - [18/Sep/2026:20:47:39 +0000] "GET /docker-compose.yml HTTP/1.1" 401 53 "-" "Go-http-client/1.1"
81.171.74.60 - - [18/Sep/2026:20:47:39 +0000] "GET /.env HTTP/1.1" 401 53 "-" "Go-http-client/1.1"
81.171.74.60 - - [18/Sep/2026:20:47:39 +0000] "GET /user_secrets.yml HTTP/1.1" 401 53 "-" "Go-http-client/1.1"
91.148.244.131 - - [18/Sep/2026:20:47:39 +0000] "GET /api/.env HTTP/1.1" 400 52 "-" "Go-http-client/1.1"
91.148.244.131 - - [18/Sep/2026:20:47:39 +0000] "GET /phpinfo.php HTTP/1.1" 400 52 "-" "Go-http-client/1.1"
81.171.74.60 - - [18/Sep/2026:20:47:39 +0000] "GET /api/.env HTTP/1.1" 401 53 "-" "Go-http-client/1.1"
81.171.74.60 - - [18/Sep/2026:20:47:39 +0000] "GET /phpinfo.php HTTP/1.1" 401 53 "-" "Go-http-client/1.1"
81.171.74.60 - - [18/Sep/2026:20:47:39 +0000] "GET /.env.production HTTP/1.1" 401 53 "-" "Go-http-client/1.1"
91.148.244.131 - - [18/Sep/2026:20:47:39 +0000] "GET /secrets.json HTTP/1.1" 400 52 "-" "Go-http-client/1.1"
81.171.72.93 - - [18/Sep/2026:20:47:39 +0000] "GET /.svn/wc.db HTTP/1.1" 200 318 "-" "Go-http-client/1.1"
81.171.72.93 - - [18/Sep/2026:20:47:40 +0000] "GET /config.xml HTTP/1.1" 200 318 "-" "Go-http-client/1.1"
81.171.72.93 - - [18/Sep/2026:20:47:40 +0000] "GET /.ssh/id_ed25519 HTTP/1.1" 200 318 "-" "Go-http-client/1.1"
91.148.244.131 - - [18/Sep/2026:20:47:40 +0000] "GET /docker-compose.yml HTTP/1.1" 400 52 "-" "Go-http-client/1.1"
81.171.74.60 - - [18/Sep/2026:20:47:40 +0000] "GET /server.key HTTP/1.1" 401 53 "-" "Go-http-client/1.1"
81.171.72.93 - - [18/Sep/2026:20:47:40 +0000] "GET /.svn/zzcanary-276e171908b807db HTTP/1.1" 200 318 "-" "Go-http-client/1.1"
91.148.244.131 - - [18/Sep/2026:20:47:40 +0000] "GET /server.key HTTP/1.1" 400 52 "-" "Go-http-client/1.1"
81.171.74.60 - - [18/Sep/2026:20:47:40 +0000] "GET /.vscode/sftp.json HTTP/1.1" 401 53 "-" "Go-http-client/1.1"
81.171.74.60 - - [18/Sep/2026:20:47:40 +0000] "GET /database.sql HTTP/1.1" 401 53 "-" "Go-http-client/1.1"
81.171.74.60 - - [18/Sep/2026:20:47:40 +0000] "GET /.vscode/sftp.json HTTP/1.1" 401 53 "-" "Go-http-client/1.1"
81.171.74.60 - - [18/Sep/2026:20:47:40 +0000] "GET /secrets.json HTTP/1.1" 401 53 "-" "Go-http-client/1.1"
91.148.244.131 - - [18/Sep/2026:20:47:40 +0000] "GET /user_secrets.yml HTTP/1.1" 400 52 "-" "Go-http-client/1.1"
81.171.74.60 - - [18/Sep/2026:20:47:40 +0000] "GET /user_secrets.yml HTTP/1.1" 401 53 "-" "Go-http-client/1.1"
81.171.74.60 - - [18/Sep/2026:20:47:40 +0000] "GET /.npmrc HTTP/1.1" 401 53 "-" "Go-http-client/1.1"
81.171.72.93 - - [18/Sep/2026:20:47:40 +0000] "GET /zzcanary-2829a462154c2d3a.xml HTTP/1.1" 200 318 "-" "Go-http-client/1.1"
91.148.244.131 - - [18/Sep/2026:20:47:40 +0000] "GET /.vscode/sftp.json HTTP/1.1" 400 52 "-" "Go-http-client/1.1"
81.171.72.93 - - [18/Sep/2026:20:47:40 +0000] "GET /backup.sql HTTP/1.1" 200 318 "-" "Go-http-client/1.1"
81.171.72.93 - - [18/Sep/2026:20:47:40 +0000] "GET /database.sql HTTP/1.1" 200 318 "-" "Go-http-client/1.1"
91.148.244.131 - - [18/Sep/2026:20:47:40 +0000] "GET /.npmrc HTTP/1.1" 400 52 "-" "Go-http-client/1.1"
81.171.74.60 - - [18/Sep/2026:20:47:40 +0000] "GET /.bash_history HTTP/1.1" 401 53 "-" "Go-http-client/1.1"
91.148.244.131 - - [18/Sep/2026:20:47:40 +0000] "GET /.bash_history HTTP/1.1" 400 52 "-" "Go-http-client/1.1"
81.171.74.60 - - [18/Sep/2026:20:47:40 +0000] "GET /.svn/wc.db HTTP/1.1" 401 53 "-" "Go-http-client/1.1"
81.171.74.60 - - [18/Sep/2026:20:47:40 +0000] "GET /backup.sql HTTP/1.1" 401 53 "-" "Go-http-client/1.1"
81.171.74.60 - - [18/Sep/2026:20:47:40 +0000] "GET /.env.production HTTP/1.1" 401 53 "-" "Go-http-client/1.1"
81.171.72.93 - - [18/Sep/2026:20:47:40 +0000] "GET /dump.sql HTTP/1.1" 200 318 "-" "Go-http-client/1.1"
81.171.74.60 - - [18/Sep/2026:20:47:40 +0000] "GET /database.sql HTTP/1.1" 401 53 "-" "Go-http-client/1.1"
81.171.74.60 - - [18/Sep/2026:20:47:40 +0000] "GET /.npmrc HTTP/1.1" 401 53 "-" "Go-http-client/1.1"
209.42.28.163 - - [18/Sep/2026:20:47:40 +0000] "POST /wp-cron.php?doing_wp_cron=1789764460.7621839046478271484375 HTTP/1.1" 200 0 "-" "WordPress/7.1.1; https://krishikranti.com.np"
209.42.28.163 - - [18/Sep/2026:20:47:40 +0000] "POST /wp-cron.php?doing_wp_cron=1789764460.7629039287567138671875 HTTP/1.1" 200 0 "-" "WordPress/7.1.1; https://krishikranti.com.np"
91.148.245.81 - - [18/Sep/2026:20:47:36 +0000] "HEAD / HTTP/1.1" 301 0 "-" "Go-http-client/1.1"
81.171.72.93 - - [18/Sep/2026:20:47:36 +0000] "HEAD / HTTP/1.1" 200 0 "-" "Go-http-client/1.1"
91.148.245.81 - - [18/Sep/2026:20:47:36 +0000] "GET / HTTP/1.1" 301 0 "-" "Go-http-client/1.1"
81.171.74.60 - - [18/Sep/2026:20:47:40 +0000] "GET /server.key HTTP/1.1" 401 53 "-" "Go-http-client/1.1"
81.171.74.60 - - [18/Sep/2026:20:47:41 +0000] "GET /secrets.json HTTP/1.1" 401 53 "-" "Go-http-client/1.1"
81.171.74.60 - - [18/Sep/2026:20:47:41 +0000] "GET /backup.tar.gz HTTP/1.1" 401 53 "-" "Go-http-client/1.1"
81.171.74.60 - - [18/Sep/2026:20:47:41 +0000] "GET /config.xml HTTP/1.1" 401 53 "-" "Go-http-client/1.1"
81.171.74.60 - - [18/Sep/2026:20:47:41 +0000] "GET /.ssh/id_ed25519 HTTP/1.1" 401 53 "-" "Go-http-client/1.1"
81.171.74.60 - - [18/Sep/2026:20:47:41 +0000] "GET /.bash_history HTTP/1.1" 401 53 "-" "Go-http-client/1.1"
81.171.72.93 - - [18/Sep/2026:20:47:36 +0000] "GET / HTTP/1.1" 200 39159 "-" "Go-http-client/1.1"
81.171.72.93 - - [18/Sep/2026:20:47:36 +0000] "POST / HTTP/1.1" 200 39016 "-" "Go-http-client/1.1"
91.148.245.81 - - [18/Sep/2026:20:47:36 +0000] "POST / HTTP/1.1" 200 39102 "-" "Go-http-client/1.1"
81.171.72.93 - - [18/Sep/2026:20:47:41 +0000] "GET /storage/logs/laravel.log HTTP/1.1" 404 12775 "-" "Go-http-client/1.1"
81.171.72.93 - - [18/Sep/2026:20:47:41 +0000] "GET /dump.sql HTTP/1.1" 404 12775 "-" "Go-http-client/1.1"
81.171.72.93 - - [18/Sep/2026:20:47:41 +0000] "GET /config.php HTTP/1.1" 404 12775 "-" "Go-http-client/1.1"
81.171.72.93 - - [18/Sep/2026:20:47:41 +0000] "GET /config.xml HTTP/1.1" 404 12775 "-" "Go-http-client/1.1"
91.148.245.81 - - [18/Sep/2026:20:47:42 +0000] "HEAD / HTTP/1.1" 200 0 "https://mail.krishikranti.com.np/" "Go-http-client/1.1"
81.171.72.93 - - [18/Sep/2026:20:47:47 +0000] "GET /backup.sql HTTP/1.1" 404 12775 "-" "Go-http-client/1.1"
81.171.72.93 - - [18/Sep/2026:20:47:47 +0000] "GET /database.sql HTTP/1.1" 404 12775 "-" "Go-http-client/1.1"
81.171.72.93 - - [18/Sep/2026:20:47:47 +0000] "GET /database_backup.sql HTTP/1.1" 404 12775 "-" "Go-http-client/1.1"
81.171.72.93 - - [18/Sep/2026:20:47:48 +0000] "GET /wp-config.php HTTP/1.1" 200 0 "-" "Go-http-client/1.1"
81.171.72.93 - - [18/Sep/2026:20:47:48 +0000] "GET /backup.zip HTTP/1.1" 404 12775 "-" "Go-http-client/1.1"
81.171.72.93 - - [18/Sep/2026:20:47:49 +0000] "GET /actuator/heapdump HTTP/1.1" 404 12775 "-" "Go-http-client/1.1"
81.171.72.93 - - [18/Sep/2026:20:47:54 +0000] "GET /.svn/wc.db HTTP/1.1" 403 1242 "-" "Go-http-client/1.1"
209.42.28.163 - - [18/Sep/2026:20:42:31 +0000] "POST /wp-cron.php?doing_wp_cron=1789764151.8864099979400634765625 HTTP/1.1" 200 0 "-" "WordPress/7.1.1; https://krishikranti.com.np"
45.91.22.48 - - [18/Sep/2026:20:42:30 +0000] "POST /wp-login.php HTTP/1.1" 200 2485 "-" "Mozilla/5.0 (Windows NT 10.0; Win64; x64) AppleWebKit/537.36 Chrome/129.0.0.0 Safari/537.36"
209.42.28.163 - - [18/Sep/2026:20:47:56 +0000] "POST /wp-cron.php?doing_wp_cron=1789764475.9921669960021972656250 HTTP/1.1" 200 0 "-" "WordPress/7.1.1; https://krishikranti.com.np"
81.171.72.93 - - [18/Sep/2026:20:47:54 +0000] "GET /.ssh/id_rsa HTTP/1.1" 404 12775 "-" "Go-http-client/1.1"
81.171.72.93 - - [18/Sep/2026:20:47:54 +0000] "GET /backup.tar.gz HTTP/1.1" 404 12775 "-" "Go-http-client/1.1"
81.171.72.93 - - [18/Sep/2026:20:47:54 +0000] "GET /.ssh/id_ed25519 HTTP/1.1" 404 12775 "-" "Go-http-client/1.1"
81.171.72.93 - - [18/Sep/2026:20:47:54 +0000] "GET /_vti_pvt/service.pwd HTTP/1.1" 404 12775 "-" "Go-http-client/1.1"
81.171.72.93 - - [18/Sep/2026:20:47:56 +0000] "GET /wp-admin/setup-config.php HTTP/1.1" 409 1225 "-" "Go-http-client/1.1"
81.171.72.93 - - [18/Sep/2026:20:47:56 +0000] "GET /.git/HEAD HTTP/1.1" 403 1242 "-" "Go-http-client/1.1"
81.171.72.93 - - [18/Sep/2026:20:47:56 +0000] "GET /.env HTTP/1.1" 403 1242 "-" "Go-http-client/1.1"
81.171.72.93 - - [18/Sep/2026:20:47:57 +0000] "GET /api/.env HTTP/1.1" 403 1242 "-" "Go-http-client/1.1"
81.171.72.93 - - [18/Sep/2026:20:47:57 +0000] "GET /.env.production HTTP/1.1" 403 1242 "-" "Go-http-client/1.1"
81.171.72.93 - - [18/Sep/2026:20:47:57 +0000] "GET /phpinfo.php HTTP/1.1" 404 12775 "-" "Go-http-client/1.1"
81.171.72.93 - - [18/Sep/2026:20:47:57 +0000] "GET /docker-compose.yml HTTP/1.1" 404 12775 "-" "Go-http-client/1.1"
81.171.72.93 - - [18/Sep/2026:20:47:57 +0000] "GET /user_secrets.yml HTTP/1.1" 404 12775 "-" "Go-http-client/1.1"
81.171.72.93 - - [18/Sep/2026:20:47:57 +0000] "GET /server.key HTTP/1.1" 404 12775 "-" "Go-http-client/1.1"
81.171.72.93 - - [18/Sep/2026:20:47:59 +0000] "GET /.vscode/sftp.json HTTP/1.1" 404 12775 "-" "Go-http-client/1.1"
81.171.72.93 - - [18/Sep/2026:20:47:59 +0000] "GET /secrets.json HTTP/1.1" 404 12775 "-" "Go-http-client/1.1"
81.171.72.93 - - [18/Sep/2026:20:47:59 +0000] "GET /.npmrc HTTP/1.1" 404 12775 "-" "Go-http-client/1.1"
81.171.72.93 - - [18/Sep/2026:20:47:59 +0000] "GET /.bash_history HTTP/1.1" 404 12775 "-" "Go-http-client/1.1"
185.19.40.179 - - [18/Sep/2026:20:45:26 +0000] "GET / HTTP/1.1" 200 223391 "-" "Mozilla/5.0 (Windows NT 10.0; Win64; x64) AppleWebKit/537.36 (KHTML, like Gecko) Chrome/78.0.3904.108 Safari/537.36"
185.19.40.179 - - [18/Sep/2026:20:45:28 +0000] "GET //wp-includes/wlwmanifest.xml HTTP/1.1" 301 0 "-" "Mozilla/5.0 (Windows NT 10.0; Win64; x64) AppleWebKit/537.36 (KHTML, like Gecko) Chrome/78.0.3904.108 Safari/537.36"
185.19.40.179 - - [18/Sep/2026:20:45:29 +0000] "GET //xmlrpc.php?rsd HTTP/1.1" 403 1242 "-" "Mozilla/5.0 (Windows NT 10.0; Win64; x64) AppleWebKit/537.36 (KHTML, like Gecko) Chrome/78.0.3904.108 Safari/537.36"
185.19.40.179 - - [18/Sep/2026:20:45:29 +0000] "GET / HTTP/1.1" 200 223391 "-" "Mozilla/5.0 (Windows NT 10.0; Win64; x64) AppleWebKit/537.36 (KHTML, like Gecko) Chrome/78.0.3904.108 Safari/537.36"
185.19.40.179 - - [18/Sep/2026:20:45:31 +0000] "GET //?author=1 HTTP/1.1" 301 0 "-" "Mozilla/5.0 (Windows NT 10.0; Win64; x64) AppleWebKit/537.36 (KHTML, like Gecko) Chrome/78.0.3904.108 Safari/537.36"
185.19.40.179 - - [18/Sep/2026:20:45:31 +0000] "GET //?author=2 HTTP/1.1" 301 0 "-" "Mozilla/5.0 (Windows NT 10.0; Win64; x64) AppleWebKit/537.36 (KHTML, like Gecko) Chrome/78.0.3904.108 Safari/537.36"
185.19.40.179 - - [18/Sep/2026:20:45:32 +0000] "GET //wp-json/wp/v2/users/ HTTP/1.1" 200 1457 "-" "Mozilla/5.0 (Windows NT 10.0; Win64; x64) AppleWebKit/537.36 (KHTML, like Gecko) Chrome/78.0.3904.108 Safari/537.36"
185.19.40.179 - - [18/Sep/2026:20:45:33 +0000] "POST //xmlrpc.php HTTP/1.1" 403 1242 "-" "Mozilla/5.0 (Windows NT 10.0; Win64; x64) AppleWebKit/537.36 (KHTML, like Gecko) Chrome/78.0.3904.108 Safari/537.36"
209.42.28.163 - - [18/Sep/2026:20:54:42 +0000] "POST /wp-cron.php?doing_wp_cron=1789764882.0155940055847167968750 HTTP/1.1" 200 0 "-" "WordPress/7.1.1; https://krishikranti.com.np"
162.241.230.122 - - [18/Sep/2026:20:54:41 +0000] "GET /wp-login.php HTTP/2" 200 2084 "-" "Mozilla/5.0 (X11; Linux x86_64) AppleWebKit/537.36 (KHTML, like Gecko) Chrome/149.0.0.0 Safari/537.36"
162.241.230.122 - - [18/Sep/2026:20:54:42 +0000] "POST /wp-login.php HTTP/2" 200 2215 "https://krishikranti.com.np/wp-login.php" "Mozilla/5.0 (X11; Linux x86_64) AppleWebKit/537.36 (KHTML, like Gecko) Chrome/149.0.0.0 Safari/537.36"
44.220.63.184 - - [18/Sep/2026:20:55:23 +0000] "GET /robots.txt HTTP/1.1" 401 53 "-" "Mozilla/5.0 (compatible; getdomaindata/1.0; +https://getdomaindata.com/bot)"
44.220.63.184 - - [18/Sep/2026:20:55:23 +0000] "GET / HTTP/1.1" 401 53 "-" "Mozilla/5.0 (compatible; getdomaindata/1.0; +https://getdomaindata.com/bot)"
209.42.28.163 - - [18/Sep/2026:21:08:41 +0000] "POST /wp-cron.php?doing_wp_cron=1789765721.9493389129638671875000 HTTP/1.1" 200 0 "-" "WordPress/7.1.1; https://krishikranti.com.np"
157.55.39.225 - - [18/Sep/2026:21:08:41 +0000] "GET /robots.txt HTTP/2" 301 0 "-" "Mozilla/5.0 AppleWebKit/537.36 (KHTML, like Gecko; compatible; bingbot/2.0; +http://www.bing.com/bingbot.htm) Chrome/116.0.1938.76 Safari/537.36"
157.55.39.225 - - [18/Sep/2026:21:08:43 +0000] "GET /robots.txt HTTP/2" 200 144 "-" "Mozilla/5.0 AppleWebKit/537.36 (KHTML, like Gecko; compatible; bingbot/2.0; +http://www.bing.com/bingbot.htm) Chrome/116.0.1938.76 Safari/537.36"
45.91.22.37 - - [18/Sep/2026:21:08:42 +0000] "POST /wp-login.php HTTP/1.1" 200 2485 "-" "Mozilla/5.0 (Windows NT 10.0; Win64; rv:143.0) Gecko/20100101 Firefox/143.0"
157.55.39.201 - - [18/Sep/2026:21:08:47 +0000] "GET /sitemap.txt HTTP/2" 301 0 "-" "Mozilla/5.0 AppleWebKit/537.36 (KHTML, like Gecko; compatible; bingbot/2.0; +http://www.bing.com/bingbot.htm) Chrome/116.0.1938.76 Safari/537.36"
209.42.28.163 - - [18/Sep/2026:21:08:58 +0000] "POST /wp-cron.php?doing_wp_cron=1789765738.3695549964904785156250 HTTP/1.1" 200 0 "-" "WordPress/7.1.1; https://krishikranti.com.np"
207.46.13.154 - - [18/Sep/2026:21:08:57 +0000] "GET /sitemap.txt HTTP/2" 404 11469 "-" "Mozilla/5.0 AppleWebKit/537.36 (KHTML, like Gecko; compatible; bingbot/2.0; +http://www.bing.com/bingbot.htm) Chrome/116.0.1938.76 Safari/537.36"
45.32.227.177 - - [18/Sep/2026:21:11:39 +0000] "GET / HTTP/1.1" 400 52 "-" "Mozilla/5.0 (Windows NT 10.0; Win64; x64) AppleWebKit/537.36 (KHTML, like Gecko) Chrome/147.0.7727.102 Safari/537.36"
209.42.28.163 - - [18/Sep/2026:21:12:04 +0000] "POST /wp-cron.php?doing_wp_cron=1789765924.5323219299316406250000 HTTP/1.1" 200 0 "-" "WordPress/7.1.1; https://krishikranti.com.np"
205.188.103.42 - - [18/Sep/2026:21:12:03 +0000] "GET /product-category/%e0%a4%ac%e0%a5%80%e0%a4%89/ HTTP/1.1" 200 24326 "-" "Mozilla/5.0 (compatible; ExaSearchBot/1.0; +https://crawler.exa.ai/)"
45.32.227.177 - - [18/Sep/2026:21:13:18 +0000] "GET / HTTP/1.1" 401 53 "-" "Mozilla/5.0 (Windows NT 10.0; Win64; x64) AppleWebKit/537.36 (KHTML, like Gecko) Chrome/147.0.7727.102 Safari/537.36"
209.42.28.163 - - [18/Sep/2026:21:13:50 +0000] "POST /wp-cron.php?doing_wp_cron=1789766030.6481909751892089843750 HTTP/1.1" 200 0 "-" "WordPress/7.1.1; https://krishikranti.com.np"
57.141.2.40 - - [18/Sep/2026:21:13:49 +0000] "GET /sitemap.xml HTTP/2" 301 0 "-" "Mozilla/5.0 (Windows NT 10.0; Win64; x64) AppleWebKit/537.36 (KHTML, like Gecko) Chrome/145.0.0.0 Safari/537.36 (compatible; meta-webindexer/1.1 (+https://developers.facebook.com/docs/sharing/webmasters/crawler))"
209.42.28.163 - - [18/Sep/2026:21:13:53 +0000] "POST /wp-cron.php?doing_wp_cron=1789766033.7210519313812255859375 HTTP/1.1" 200 0 "-" "WordPress/7.1.1; https://krishikranti.com.np"
57.141.2.19 - - [18/Sep/2026:21:13:52 +0000] "GET /wp-sitemap.xml HTTP/2" 200 246 "-" "Mozilla/5.0 (Windows NT 10.0; Win64; x64) AppleWebKit/537.36 (KHTML, like Gecko) Chrome/145.0.0.0 Safari/537.36 (compatible; meta-webindexer/1.1 (+https://developers.facebook.com/docs/sharing/webmasters/crawler))"
45.32.227.177 - - [18/Sep/2026:21:14:43 +0000] "GET / HTTP/1.1" 200 12490 "-" "Mozilla/5.0 (Windows NT 10.0; Win64; x64) AppleWebKit/537.36 (KHTML, like Gecko) Chrome/147.0.7727.102 Safari/537.36"
209.42.28.163 - - [18/Sep/2026:21:14:54 +0000] "POST /wp-cron.php?doing_wp_cron=1789766094.9149920940399169921875 HTTP/1.1" 200 0 "-" "WordPress/7.1.1; https://krishikranti.com.np"
54.81.151.22 - - [18/Sep/2026:21:14:54 +0000] "GET / HTTP/1.1" 301 0 "-" "Mozilla/5.0 (X11; Linux x86_64) AppleWebKit/537.36 (KHTML, like Gecko) Chrome/105.0.0.0 Safari/537.36"
54.81.151.22 - - [18/Sep/2026:21:14:55 +0000] "GET / HTTP/1.1" 200 39159 "-" "Mozilla/5.0 (X11; Linux x86_64) AppleWebKit/537.36 (KHTML, like Gecko) Chrome/105.0.0.0 Safari/537.36"
45.32.227.177 - - [18/Sep/2026:21:16:22 +0000] "GET / HTTP/1.1" 401 53 "-" "Mozilla/5.0 (Windows NT 10.0; Win64; x64) AppleWebKit/537.36 (KHTML, like Gecko) Chrome/147.0.7727.102 Safari/537.36"
45.32.227.177 - - [18/Sep/2026:21:17:48 +0000] "GET / HTTP/1.1" 200 318 "-" "Mozilla/5.0 (Windows NT 10.0; Win64; x64) AppleWebKit/537.36 (KHTML, like Gecko) Chrome/147.0.7727.102 Safari/537.36"
209.42.28.163 - - [18/Sep/2026:21:19:05 +0000] "POST /wp-cron.php?doing_wp_cron=1789766345.9203090667724609375000 HTTP/1.1" 200 0 "-" "WordPress/7.1.1; https://krishikranti.com.np"
69.165.72.143 - - [18/Sep/2026:21:19:04 +0000] "GET /index.php?rest_route=/wp/v2/posts&per_page=100&_fields=id%2Ccomment_status&page=1 HTTP/1.1" 200 83 "https://mail.krishikranti.com.np" "Mozilla/5.0 (X11; CrOS x86_64 14541.0.0) AppleWebKit/537.36 (KHTML, like Gecko) Chrome/134.0.0.0 Safari/537.36"
69.165.72.143 - - [18/Sep/2026:21:19:06 +0000] "POST /wp-comments-post.php HTTP/1.1" 302 0 "https://mail.krishikranti.com.np" "Mozilla/5.0 (X11; CrOS x86_64 14541.0.0) AppleWebKit/537.36 (KHTML, like Gecko) Chrome/134.0.0.0 Safari/537.36"
45.32.227.177 - - [18/Sep/2026:21:19:27 +0000] "GET / HTTP/1.1" 200 12496 "-" "Mozilla/5.0 (Windows NT 10.0; Win64; x64) AppleWebKit/537.36 (KHTML, like Gecko) Chrome/147.0.7727.102 Safari/537.36"
209.42.28.163 - - [18/Sep/2026:21:21:01 +0000] "POST /wp-cron.php?doing_wp_cron=1789766461.3486878871917724609375 HTTP/1.1" 200 0 "-" "WordPress/7.1.1; https://krishikranti.com.np"
45.32.227.177 - - [18/Sep/2026:21:21:00 +0000] "GET / HTTP/1.1" 301 0 "-" "Mozilla/5.0 (Windows NT 10.0; Win64; x64) AppleWebKit/537.36 (KHTML, like Gecko) Chrome/147.0.7727.102 Safari/537.36"
45.32.227.177 - - [18/Sep/2026:21:21:02 +0000] "GET / HTTP/1.1" 200 39159 "https://www.krishikranti.com.np/" "Mozilla/5.0 (Windows NT 10.0; Win64; x64) AppleWebKit/537.36 (KHTML, like Gecko) Chrome/147.0.7727.102 Safari/537.36"
209.42.28.163 - - [18/Sep/2026:21:22:26 +0000] "POST /wp-cron.php?doing_wp_cron=1789766546.7686510086059570312500 HTTP/1.1" 200 0 "-" "WordPress/7.1.1; https://krishikranti.com.np"
45.32.227.177 - - [18/Sep/2026:21:22:25 +0000] "GET / HTTP/1.1" 200 39159 "-" "Mozilla/5.0 (Windows NT 10.0; Win64; x64) AppleWebKit/537.36 (KHTML, like Gecko) Chrome/147.0.7727.102 Safari/537.36"
45.32.227.177 - - [18/Sep/2026:21:23:40 +0000] "GET / HTTP/1.1" 401 53 "-" "Mozilla/5.0 (Windows NT 10.0; Win64; x64) AppleWebKit/537.36 (KHTML, like Gecko) Chrome/147.0.7727.102 Safari/537.36"
209.42.28.163 - - [18/Sep/2026:21:24:39 +0000] "POST /wp-cron.php?doing_wp_cron=1789766679.2245640754699707031250 HTTP/1.1" 200 0 "-" "WordPress/7.1.1; https://krishikranti.com.np"
207.46.13.141 - - [18/Sep/2026:21:24:38 +0000] "GET /%E0%A4%B8%E0%A4%BF%E0%A4%AA-%E0%A4%AE%E0%A5%81%E0%A4%B2%E0%A4%95-%E0%A4%A4%E0%A4%BE%E0%A4%B2%E0%A4%BF%E0%A4%AE/ HTTP/2" 200 21984 "-" "Mozilla/5.0 AppleWebKit/537.36 (KHTML, like Gecko; compatible; bingbot/2.0; +http://www.bing.com/bingbot.htm) Chrome/116.0.1938.76 Safari/537.36"
74.7.241.139 - - [18/Sep/2026:21:24:47 +0000] "GET /robots.txt HTTP/2" 401 53 "-" "Mozilla/5.0 (Macintosh; Intel Mac OS X 10_15_7) AppleWebKit/537.36 (KHTML, like Gecko) Chrome/131.0.0.0 Safari/537.36; compatible; OAI-SearchBot/1.4; robots.txt; +https://openai.com/searchbot"
207.46.13.141 - - [18/Sep/2026:21:24:58 +0000] "GET /wp-content/uploads/elementor/css/post-445.css?ver=1789743759 HTTP/2" 200 1489 "https://krishikranti.com.np/%E0%A4%B8%E0%A4%BF%E0%A4%AA-%E0%A4%AE%E0%A5%81%E0%A4%B2%E0%A4%95-%E0%A4%A4%E0%A4%BE%E0%A4%B2%E0%A4%BF%E0%A4%AE/" "Mozilla/5.0 AppleWebKit/537.36 (KHTML, like Gecko; compatible; bingbot/2.0; +http://www.bing.com/bingbot.htm) Chrome/136.0.0.0 Safari/537.36 AppleWebKit/537.36 (KHTML, like Gecko; compatible; bingbot/2.0; +http://www.bing.com/bingbot.htm) Chrome/116.0.1938.76 Safari/537.36"
209.42.28.163 - - [18/Sep/2026:21:33:07 +0000] "POST /wp-cron.php?doing_wp_cron=1789767187.4674611091613769531250 HTTP/1.1" 200 0 "-" "WordPress/7.1.1; https://krishikranti.com.np"
45.91.22.24 - - [18/Sep/2026:21:33:06 +0000] "POST /wp-login.php HTTP/1.1" 200 2485 "-" "Mozilla/5.0 (Macintosh; Intel Mac OS X 10_15_7) AppleWebKit/605.1.15 Version/17.0 Safari/605.1.15"
209.42.28.163 - - [18/Sep/2026:21:40:56 +0000] "POST /wp-cron.php?doing_wp_cron=1789767656.6480259895324707031250 HTTP/1.1" 200 0 "-" "WordPress/7.1.1; https://krishikranti.com.np"
216.73.217.100 - - [18/Sep/2026:21:40:55 +0000] "GET /robots.txt HTTP/2" 200 144 "-" "Mozilla/5.0 AppleWebKit/537.36 (KHTML, like Gecko; compatible; ClaudeBot/1.0; +claudebot@anthropic.com)"
216.73.217.100 - - [18/Sep/2026:21:40:56 +0000] "GET /wp-sitemap.xml HTTP/2" 200 211 "-" "Mozilla/5.0 AppleWebKit/537.36 (KHTML, like Gecko; compatible; ClaudeBot/1.0; +claudebot@anthropic.com)"
209.42.28.163 - - [18/Sep/2026:21:42:06 +0000] "POST /wp-cron.php?doing_wp_cron=1789767726.0529420375823974609375 HTTP/1.1" 200 0 "-" "WordPress/7.1.1; https://krishikranti.com.np"
205.188.103.43 - - [18/Sep/2026:21:42:05 +0000] "GET /product/hand-tractor/ HTTP/1.1" 200 21854 "-" "Mozilla/5.0 (compatible; ExaSearchBot/1.0; +https://crawler.exa.ai/)"
205.188.103.44 - - [18/Sep/2026:21:42:26 +0000] "GET /product/hoof-trimmer-%e0%a4%97%e0%a4%be%e0%a4%88-%e0%a4%ad%e0%a5%88%e0%a4%82%e0%a4%b8%e0%a5%80-%e0%a4%ac%e0%a4%be%e0%a4%96%e0%a5%8d%e0%a4%b0%e0%a4%be%e0%a4%95%e0%a5%8b-%e0%a4%96%e0%a5%81%e0%a4%b0%e0%a4%b2/ HTTP/1.1" 200 22335 "-" "Mozilla/5.0 (compatible; ExaSearchBot/1.0; +https://crawler.exa.ai/)"
205.188.103.178 - - [18/Sep/2026:21:42:47 +0000] "GET /product/drenching-gun/ HTTP/1.1" 200 21947 "-" "Mozilla/5.0 (compatible; ExaSearchBot/1.0; +https://crawler.exa.ai/)"
209.42.28.163 - - [18/Sep/2026:21:43:10 +0000] "POST /wp-cron.php?doing_wp_cron=1789767790.1779000759124755859375 HTTP/1.1" 200 0 "-" "WordPress/7.1.1; https://krishikranti.com.np"
205.188.103.179 - - [18/Sep/2026:21:43:09 +0000] "GET /product/pallet-machine/ HTTP/1.1" 200 21604 "-" "Mozilla/5.0 (compatible; ExaSearchBot/1.0; +https://crawler.exa.ai/)"
205.188.103.45 - - [18/Sep/2026:21:43:30 +0000] "GET /product/plough-%e0%a4%ae%e0%a4%be%e0%a4%9f%e0%a5%8b-%e0%a4%9c%e0%a5%8b%e0%a4%a4%e0%a5%8d%e0%a4%a8-%e0%a4%b0-%e0%a4%96%e0%a5%87%e0%a4%a4-%e0%a4%a4%e0%a4%af%e0%a4%be%e0%a4%b0%e0%a5%80-%e0%a4%97%e0%a4%b0/ HTTP/1.1" 200 22048 "-" "Mozilla/5.0 (compatible; ExaSearchBot/1.0; +https://crawler.exa.ai/)"
209.42.28.163 - - [18/Sep/2026:21:43:53 +0000] "POST /wp-cron.php?doing_wp_cron=1789767833.0974891185760498046875 HTTP/1.1" 200 0 "-" "WordPress/7.1.1; https://krishikranti.com.np"
205.188.103.180 - - [18/Sep/2026:21:43:52 +0000] "GET /product/infrared-bulb-%e0%a4%9a%e0%a4%bf%e0%a4%b8%e0%a5%8b%e0%a4%ac%e0%a4%be%e0%a4%9f-%e0%a4%ac%e0%a4%9a%e0%a4%be%e0%a4%89%e0%a4%a8-%e0%a4%a4%e0%a4%be%e0%a4%a4%e0%a5%8b-%e0%a4%b0%e0%a4%be%e0%a4%96%e0%a5%8d/ HTTP/1.1" 200 22263 "-" "Mozilla/5.0 (compatible; ExaSearchBot/1.0; +https://crawler.exa.ai/)"
205.188.103.181 - - [18/Sep/2026:21:44:13 +0000] "GET /product/cow-lifting-machine/ HTTP/1.1" 200 21975 "-" "Mozilla/5.0 (compatible; ExaSearchBot/1.0; +https://crawler.exa.ai/)"
209.42.28.163 - - [18/Sep/2026:21:59:33 +0000] "POST /wp-cron.php?doing_wp_cron=1789768773.3547990322113037109375 HTTP/1.1" 200 0 "-" "WordPress/7.1.1; https://krishikranti.com.np"
45.91.22.4 - - [18/Sep/2026:21:59:32 +0000] "POST /wp-login.php HTTP/1.1" 200 2485 "-" "Mozilla/5.0 (Windows NT 10.0; Win64; x64) AppleWebKit/537.36 Chrome/129.0.0.0 Safari/537.36"
209.42.28.163 - - [18/Sep/2026:22:16:22 +0000] "POST /wp-cron.php?doing_wp_cron=1789769782.7768239974975585937500 HTTP/1.1" 200 0 "-" "WordPress/7.1.1; https://krishikranti.com.np"
185.191.171.3 - - [18/Sep/2026:22:16:21 +0000] "GET /robots.txt HTTP/1.1" 200 162 "-" "Mozilla/5.0 (compatible; SemrushBot/7~bl; +http://www.semrush.com/bot.html)"
185.191.171.11 - - [18/Sep/2026:22:16:24 +0000] "GET /%E0%A4%A4%E0%A4%B0%E0%A4%95%E0%A4%BE%E0%A4%B0%E0%A5%80-%E0%A4%89%E0%A4%A4%E0%A5%8D%E0%A4%AA%E0%A4%BE%E0%A4%A6%E0%A4%A8/ HTTP/1.1" 200 25647 "-" "Mozilla/5.0 (compatible; SemrushBot/7~bl; +http://www.semrush.com/bot.html)"
213.209.159.84 - - [18/Sep/2026:22:17:12 +0000] "GET /.git/config HTTP/1.1" 403 1242 "-" "Mozilla/5.0 (compatible; GitFinder/1.0)"
209.42.28.163 - - [18/Sep/2026:22:20:36 +0000] "POST /wp-cron.php?doing_wp_cron=1789770036.1851530075073242187500 HTTP/1.1" 200 0 "-" "WordPress/7.1.1; https://krishikranti.com.np"
207.46.13.92 - - [18/Sep/2026:22:20:35 +0000] "GET /sitemap.txt HTTP/2" 301 0 "-" "Mozilla/5.0 AppleWebKit/537.36 (KHTML, like Gecko; compatible; bingbot/2.0; +http://www.bing.com/bingbot.htm) Chrome/116.0.1938.76 Safari/537.36"
157.55.39.201 - - [18/Sep/2026:22:20:45 +0000] "GET /sitemap.txt HTTP/2" 404 11469 "-" "Mozilla/5.0 AppleWebKit/537.36 (KHTML, like Gecko; compatible; bingbot/2.0; +http://www.bing.com/bingbot.htm) Chrome/116.0.1938.76 Safari/537.36"
185.19.40.179 - - [18/Sep/2026:22:21:35 +0000] "GET /autodiscover/autodiscover.xml HTTP/1.1" 400 52 "-" "Mozilla/5.0 (Windows NT 10.0; Win64; x64) AppleWebKit/537.36 (KHTML, like Gecko) Chrome/78.0.3904.108 Safari/537.36"
185.19.40.179 - - [18/Sep/2026:22:21:35 +0000] "GET /autodiscover/autodiscover.xml/wp-includes/wlwmanifest.xml HTTP/1.1" 400 52 "-" "Mozilla/5.0 (Windows NT 10.0; Win64; x64) AppleWebKit/537.36 (KHTML, like Gecko) Chrome/78.0.3904.108 Safari/537.36"
185.19.40.179 - - [18/Sep/2026:22:21:36 +0000] "GET /autodiscover/autodiscover.xml/xmlrpc.php?rsd HTTP/1.1" 400 52 "-" "Mozilla/5.0 (Windows NT 10.0; Win64; x64) AppleWebKit/537.36 (KHTML, like Gecko) Chrome/78.0.3904.108 Safari/537.36"
185.19.40.179 - - [18/Sep/2026:22:21:36 +0000] "GET /autodiscover/autodiscover.xml HTTP/1.1" 400 52 "-" "Mozilla/5.0 (Windows NT 10.0; Win64; x64) AppleWebKit/537.36 (KHTML, like Gecko) Chrome/78.0.3904.108 Safari/537.36"
