34.186.41.235 - - [18/Sep/2026:17:29:24 +0000] "GET /.env.backup2 HTTP/1.1" 403 1242 "-" "Mozilla/5.0 (X11; Linux x86_64) AppleWebKit/537.36 (KHTML, like Gecko) Chrome/131.0.0.0 Safari/537.36"
34.186.41.235 - - [18/Sep/2026:17:29:24 +0000] "GET /logs/.env HTTP/1.1" 403 1242 "-" "Mozilla/5.0 (X11; Linux x86_64) AppleWebKit/537.36 (KHTML, like Gecko) Chrome/131.0.0.0 Safari/537.36"
34.186.41.235 - - [18/Sep/2026:17:29:25 +0000] "GET /cache/.env HTTP/1.1" 403 1242 "-" "Mozilla/5.0 (X11; Linux x86_64) AppleWebKit/537.36 (KHTML, like Gecko) Chrome/131.0.0.0 Safari/537.36"
34.186.41.235 - - [18/Sep/2026:17:29:25 +0000] "GET /mailer/.env HTTP/1.1" 403 1242 "-" "Mozilla/5.0 (X11; Linux x86_64) AppleWebKit/537.36 (KHTML, like Gecko) Chrome/131.0.0.0 Safari/537.36"
34.186.41.235 - - [18/Sep/2026:17:29:25 +0000] "GET /mail/.env HTTP/1.1" 403 1242 "-" "Mozilla/5.0 (X11; Linux x86_64) AppleWebKit/537.36 (KHTML, like Gecko) Chrome/131.0.0.0 Safari/537.36"
34.186.41.235 - - [18/Sep/2026:17:29:26 +0000] "GET /email/.env HTTP/1.1" 403 1242 "-" "Mozilla/5.0 (X11; Linux x86_64) AppleWebKit/537.36 (KHTML, like Gecko) Chrome/131.0.0.0 Safari/537.36"
34.186.41.235 - - [18/Sep/2026:17:29:26 +0000] "GET /smtp/.env HTTP/1.1" 403 1242 "-" "Mozilla/5.0 (X11; Linux x86_64) AppleWebKit/537.36 (KHTML, like Gecko) Chrome/131.0.0.0 Safari/537.36"
34.186.41.235 - - [18/Sep/2026:17:29:26 +0000] "GET /mailing/.env HTTP/1.1" 403 1242 "-" "Mozilla/5.0 (X11; Linux x86_64) AppleWebKit/537.36 (KHTML, like Gecko) Chrome/131.0.0.0 Safari/537.36"
34.186.41.235 - - [18/Sep/2026:17:29:27 +0000] "GET /notifications/.env HTTP/1.1" 403 1242 "-" "Mozilla/5.0 (X11; Linux x86_64) AppleWebKit/537.36 (KHTML, like Gecko) Chrome/131.0.0.0 Safari/537.36"
34.186.41.235 - - [18/Sep/2026:17:29:27 +0000] "GET /notify/.env HTTP/1.1" 403 1242 "-" "Mozilla/5.0 (X11; Linux x86_64) AppleWebKit/537.36 (KHTML, like Gecko) Chrome/131.0.0.0 Safari/537.36"
34.186.41.235 - - [18/Sep/2026:17:29:27 +0000] "GET /sender/.env HTTP/1.1" 403 1242 "-" "Mozilla/5.0 (X11; Linux x86_64) AppleWebKit/537.36 (KHTML, like Gecko) Chrome/131.0.0.0 Safari/537.36"
34.186.41.235 - - [18/Sep/2026:17:29:28 +0000] "GET /campaign/.env HTTP/1.1" 403 1242 "-" "Mozilla/5.0 (X11; Linux x86_64) AppleWebKit/537.36 (KHTML, like Gecko) Chrome/131.0.0.0 Safari/537.36"
34.186.41.235 - - [18/Sep/2026:17:29:28 +0000] "GET /newsletter/.env HTTP/1.1" 403 1242 "-" "Mozilla/5.0 (X11; Linux x86_64) AppleWebKit/537.36 (KHTML, like Gecko) Chrome/131.0.0.0 Safari/537.36"
34.186.41.235 - - [18/Sep/2026:17:29:28 +0000] "GET /ses/.env HTTP/1.1" 403 1242 "-" "Mozilla/5.0 (X11; Linux x86_64) AppleWebKit/537.36 (KHTML, like Gecko) Chrome/131.0.0.0 Safari/537.36"
209.42.28.163 - - [18/Sep/2026:17:28:26 +0000] "POST /wp-cron.php?doing_wp_cron=1789752506.7331240177154541015625 HTTP/1.1" 200 0 "-" "WordPress/7.1.1; https://krishikranti.com.np"
34.186.41.235 - - [18/Sep/2026:17:28:25 +0000] "GET / HTTP/1.1" 200 39159 "-" "Mozilla/5.0 (X11; Linux x86_64) AppleWebKit/537.36 (KHTML, like Gecko) Chrome/131.0.0.0 Safari/537.36"
34.186.41.235 - - [18/Sep/2026:17:28:27 +0000] "POST / HTTP/1.1" 200 39159 "-" "Mozilla/5.0 (X11; Linux x86_64) AppleWebKit/537.36 (KHTML, like Gecko) Chrome/131.0.0.0 Safari/537.36"
34.186.41.235 - - [18/Sep/2026:17:28:29 +0000] "POST / HTTP/1.1" 200 39159 "-" "Mozilla/5.0 (X11; Linux x86_64) AppleWebKit/537.36 (KHTML, like Gecko) Chrome/131.0.0.0 Safari/537.36"
34.186.41.235 - - [18/Sep/2026:17:28:31 +0000] "POST / HTTP/1.1" 200 39159 "-" "Mozilla/5.0 (X11; Linux x86_64) AppleWebKit/537.36 (KHTML, like Gecko) Chrome/131.0.0.0 Safari/537.36"
34.186.41.235 - - [18/Sep/2026:17:28:34 +0000] "GET /.git/config HTTP/1.1" 403 1242 "-" "Mozilla/5.0 (X11; Linux x86_64) AppleWebKit/537.36 (KHTML, like Gecko) Chrome/131.0.0.0 Safari/537.36"
34.186.41.235 - - [18/Sep/2026:17:28:34 +0000] "POST / HTTP/1.1" 200 39159 "-" "Mozilla/5.0 (X11; Linux x86_64) AppleWebKit/537.36 (KHTML, like Gecko) Chrome/131.0.0.0 Safari/537.36"
34.186.41.235 - - [18/Sep/2026:17:28:36 +0000] "GET /.env HTTP/1.1" 403 1242 "-" "Mozilla/5.0 (X11; Linux x86_64) AppleWebKit/537.36 (KHTML, like Gecko) Chrome/131.0.0.0 Safari/537.36"
34.186.41.235 - - [18/Sep/2026:17:28:36 +0000] "GET /.env.local HTTP/1.1" 403 1242 "-" "Mozilla/5.0 (X11; Linux x86_64) AppleWebKit/537.36 (KHTML, like Gecko) Chrome/131.0.0.0 Safari/537.36"
34.186.41.235 - - [18/Sep/2026:17:28:36 +0000] "GET /.env.production HTTP/1.1" 403 1242 "-" "Mozilla/5.0 (X11; Linux x86_64) AppleWebKit/537.36 (KHTML, like Gecko) Chrome/131.0.0.0 Safari/537.36"
34.186.41.235 - - [18/Sep/2026:17:28:37 +0000] "GET /.env.staging HTTP/1.1" 403 1242 "-" "Mozilla/5.0 (X11; Linux x86_64) AppleWebKit/537.36 (KHTML, like Gecko) Chrome/131.0.0.0 Safari/537.36"
34.186.41.235 - - [18/Sep/2026:17:28:37 +0000] "GET /.env.development HTTP/1.1" 403 1242 "-" "Mozilla/5.0 (X11; Linux x86_64) AppleWebKit/537.36 (KHTML, like Gecko) Chrome/131.0.0.0 Safari/537.36"
34.186.41.235 - - [18/Sep/2026:17:28:37 +0000] "GET /.env.test HTTP/1.1" 403 1242 "-" "Mozilla/5.0 (X11; Linux x86_64) AppleWebKit/537.36 (KHTML, like Gecko) Chrome/131.0.0.0 Safari/537.36"
34.186.41.235 - - [18/Sep/2026:17:28:38 +0000] "GET /.env.remote HTTP/1.1" 403 1242 "-" "Mozilla/5.0 (X11; Linux x86_64) AppleWebKit/537.36 (KHTML, like Gecko) Chrome/131.0.0.0 Safari/537.36"
34.186.41.235 - - [18/Sep/2026:17:28:38 +0000] "GET /.env.bak HTTP/1.1" 403 1242 "-" "Mozilla/5.0 (X11; Linux x86_64) AppleWebKit/537.36 (KHTML, like Gecko) Chrome/131.0.0.0 Safari/537.36"
34.186.41.235 - - [18/Sep/2026:17:28:38 +0000] "GET /.env.backup HTTP/1.1" 403 1242 "-" "Mozilla/5.0 (X11; Linux x86_64) AppleWebKit/537.36 (KHTML, like Gecko) Chrome/131.0.0.0 Safari/537.36"
34.186.41.235 - - [18/Sep/2026:17:28:38 +0000] "GET /.env.save HTTP/1.1" 403 1242 "-" "Mozilla/5.0 (X11; Linux x86_64) AppleWebKit/537.36 (KHTML, like Gecko) Chrome/131.0.0.0 Safari/537.36"
34.186.41.235 - - [18/Sep/2026:17:29:37 +0000] "GET /jenkins/.env HTTP/1.1" 403 1242 "-" "Mozilla/5.0 (X11; Linux x86_64) AppleWebKit/537.36 (KHTML, like Gecko) Chrome/131.0.0.0 Safari/537.36"
34.186.41.235 - - [18/Sep/2026:17:29:38 +0000] "GET /gitlab/.env HTTP/1.1" 403 1242 "-" "Mozilla/5.0 (X11; Linux x86_64) AppleWebKit/537.36 (KHTML, like Gecko) Chrome/131.0.0.0 Safari/537.36"
34.186.41.235 - - [18/Sep/2026:17:29:38 +0000] "GET /github/.env HTTP/1.1" 403 1242 "-" "Mozilla/5.0 (X11; Linux x86_64) AppleWebKit/537.36 (KHTML, like Gecko) Chrome/131.0.0.0 Safari/537.36"
34.186.41.235 - - [18/Sep/2026:17:29:38 +0000] "GET /actions/.env HTTP/1.1" 403 1242 "-" "Mozilla/5.0 (X11; Linux x86_64) AppleWebKit/537.36 (KHTML, like Gecko) Chrome/131.0.0.0 Safari/537.36"
45.138.12.23 - - [18/Sep/2026:17:26:04 +0000] "GET /GoogleService-Info.plist HTTP/2" 404 3421 "-" "Mozilla/5.0 (Windows NT 10.0; Win64; x64) AppleWebKit/537.36"
45.138.12.23 - - [18/Sep/2026:17:26:04 +0000] "GET /erp/.env HTTP/2" 404 3421 "-" "Mozilla/5.0 (Windows NT 10.0; Win64; x64) AppleWebKit/537.36"
45.138.12.23 - - [18/Sep/2026:17:26:04 +0000] "GET /.env.backup2 HTTP/2" 404 3421 "-" "Mozilla/5.0 (Windows NT 10.0; Win64; x64) AppleWebKit/537.36"
45.138.12.23 - - [18/Sep/2026:17:26:04 +0000] "GET /config/aws.ini HTTP/2" 404 3421 "-" "Mozilla/5.0 (Windows NT 10.0; Win64; x64) AppleWebKit/537.36"
45.138.12.23 - - [18/Sep/2026:17:26:04 +0000] "GET /.dockerignore HTTP/2" 404 3421 "-" "Mozilla/5.0 (Windows NT 10.0; Win64; x64) AppleWebKit/537.36"
45.138.12.23 - - [18/Sep/2026:17:26:04 +0000] "GET /debug/default HTTP/2" 404 3421 "-" "Mozilla/5.0 (Windows NT 10.0; Win64; x64) AppleWebKit/537.36"
45.138.12.23 - - [18/Sep/2026:17:26:04 +0000] "GET /localhost.key HTTP/2" 404 3421 "-" "Mozilla/5.0 (Windows NT 10.0; Win64; x64) AppleWebKit/537.36"
45.138.12.23 - - [18/Sep/2026:17:26:04 +0000] "GET /backend/node/constants.js HTTP/2" 404 3421 "-" "Mozilla/5.0 (Windows NT 10.0; Win64; x64) AppleWebKit/537.36"
45.138.12.23 - - [18/Sep/2026:17:26:04 +0000] "GET /mini-profiler-resources/results HTTP/2" 404 3421 "-" "Mozilla/5.0 (Windows NT 10.0; Win64; x64) AppleWebKit/537.36"
45.138.12.23 - - [18/Sep/2026:17:26:04 +0000] "GET /.git/objects/info HTTP/2" 404 3421 "-" "Mozilla/5.0 (Windows NT 10.0; Win64; x64) AppleWebKit/537.36"
45.138.12.23 - - [18/Sep/2026:17:26:04 +0000] "GET /webmail/logs/errors.log HTTP/2" 404 3421 "-" "Mozilla/5.0 (Windows NT 10.0; Win64; x64) AppleWebKit/537.36"
45.138.12.23 - - [18/Sep/2026:17:26:04 +0000] "GET /terraform.tfvars.bak HTTP/2" 404 3421 "-" "Mozilla/5.0 (Windows NT 10.0; Win64; x64) AppleWebKit/537.36"
45.138.12.23 - - [18/Sep/2026:17:26:04 +0000] "GET /jsconfig.json HTTP/2" 404 3421 "-" "Mozilla/5.0 (Windows NT 10.0; Win64; x64) AppleWebKit/537.36"
34.186.41.235 - - [18/Sep/2026:17:29:29 +0000] "GET /sendgrid/.env HTTP/1.1" 403 1242 "-" "Mozilla/5.0 (X11; Linux x86_64) AppleWebKit/537.36 (KHTML, like Gecko) Chrome/131.0.0.0 Safari/537.36"
34.186.41.235 - - [18/Sep/2026:17:29:29 +0000] "GET /sparkpost/.env HTTP/1.1" 403 1242 "-" "Mozilla/5.0 (X11; Linux x86_64) AppleWebKit/537.36 (KHTML, like Gecko) Chrome/131.0.0.0 Safari/537.36"
34.186.41.235 - - [18/Sep/2026:17:29:29 +0000] "GET /postmark/.env HTTP/1.1" 403 1242 "-" "Mozilla/5.0 (X11; Linux x86_64) AppleWebKit/537.36 (KHTML, like Gecko) Chrome/131.0.0.0 Safari/537.36"
34.186.41.235 - - [18/Sep/2026:17:29:30 +0000] "GET /mailgun/.env HTTP/1.1" 403 1242 "-" "Mozilla/5.0 (X11; Linux x86_64) AppleWebKit/537.36 (KHTML, like Gecko) Chrome/131.0.0.0 Safari/537.36"
34.186.41.235 - - [18/Sep/2026:17:29:30 +0000] "GET /mandrill/.env HTTP/1.1" 403 1242 "-" "Mozilla/5.0 (X11; Linux x86_64) AppleWebKit/537.36 (KHTML, like Gecko) Chrome/131.0.0.0 Safari/537.36"
34.186.41.235 - - [18/Sep/2026:17:29:30 +0000] "GET /mailjet/.env HTTP/1.1" 403 1242 "-" "Mozilla/5.0 (X11; Linux x86_64) AppleWebKit/537.36 (KHTML, like Gecko) Chrome/131.0.0.0 Safari/537.36"
34.186.41.235 - - [18/Sep/2026:17:29:30 +0000] "GET /brevo/.env HTTP/1.1" 403 1242 "-" "Mozilla/5.0 (X11; Linux x86_64) AppleWebKit/537.36 (KHTML, like Gecko) Chrome/131.0.0.0 Safari/537.36"
34.186.41.235 - - [18/Sep/2026:17:29:31 +0000] "GET /transactional/.env HTTP/1.1" 403 1242 "-" "Mozilla/5.0 (X11; Linux x86_64) AppleWebKit/537.36 (KHTML, like Gecko) Chrome/131.0.0.0 Safari/537.36"
34.186.41.235 - - [18/Sep/2026:17:29:31 +0000] "GET /bulk/.env HTTP/1.1" 403 1242 "-" "Mozilla/5.0 (X11; Linux x86_64) AppleWebKit/537.36 (KHTML, like Gecko) Chrome/131.0.0.0 Safari/537.36"
34.186.41.235 - - [18/Sep/2026:17:29:31 +0000] "GET /aws/.env HTTP/1.1" 403 1242 "-" "Mozilla/5.0 (X11; Linux x86_64) AppleWebKit/537.36 (KHTML, like Gecko) Chrome/131.0.0.0 Safari/537.36"
34.186.41.235 - - [18/Sep/2026:17:29:32 +0000] "GET /azure/.env HTTP/1.1" 403 1242 "-" "Mozilla/5.0 (X11; Linux x86_64) AppleWebKit/537.36 (KHTML, like Gecko) Chrome/131.0.0.0 Safari/537.36"
34.186.41.235 - - [18/Sep/2026:17:29:32 +0000] "GET /gcp/.env HTTP/1.1" 403 1242 "-" "Mozilla/5.0 (X11; Linux x86_64) AppleWebKit/537.36 (KHTML, like Gecko) Chrome/131.0.0.0 Safari/537.36"
34.186.41.235 - - [18/Sep/2026:17:29:32 +0000] "GET /cloud/.env HTTP/1.1" 403 1242 "-" "Mozilla/5.0 (X11; Linux x86_64) AppleWebKit/537.36 (KHTML, like Gecko) Chrome/131.0.0.0 Safari/537.36"
34.186.41.235 - - [18/Sep/2026:17:29:33 +0000] "GET /infrastructure/.env HTTP/1.1" 403 1242 "-" "Mozilla/5.0 (X11; Linux x86_64) AppleWebKit/537.36 (KHTML, like Gecko) Chrome/131.0.0.0 Safari/537.36"
34.186.41.235 - - [18/Sep/2026:17:29:33 +0000] "GET /docker/.env HTTP/1.1" 403 1242 "-" "Mozilla/5.0 (X11; Linux x86_64) AppleWebKit/537.36 (KHTML, like Gecko) Chrome/131.0.0.0 Safari/537.36"
34.186.41.235 - - [18/Sep/2026:17:29:34 +0000] "GET /k8s/.env HTTP/1.1" 403 1242 "-" "Mozilla/5.0 (X11; Linux x86_64) AppleWebKit/537.36 (KHTML, like Gecko) Chrome/131.0.0.0 Safari/537.36"
34.186.41.235 - - [18/Sep/2026:17:29:34 +0000] "GET /kubernetes/.env HTTP/1.1" 403 1242 "-" "Mozilla/5.0 (X11; Linux x86_64) AppleWebKit/537.36 (KHTML, like Gecko) Chrome/131.0.0.0 Safari/537.36"
34.186.41.235 - - [18/Sep/2026:17:29:34 +0000] "GET /terraform/.env HTTP/1.1" 403 1242 "-" "Mozilla/5.0 (X11; Linux x86_64) AppleWebKit/537.36 (KHTML, like Gecko) Chrome/131.0.0.0 Safari/537.36"
34.186.41.235 - - [18/Sep/2026:17:29:35 +0000] "GET /ansible/.env HTTP/1.1" 403 1242 "-" "Mozilla/5.0 (X11; Linux x86_64) AppleWebKit/537.36 (KHTML, like Gecko) Chrome/131.0.0.0 Safari/537.36"
34.186.41.235 - - [18/Sep/2026:17:29:35 +0000] "GET /.git/.env HTTP/1.1" 403 1242 "-" "Mozilla/5.0 (X11; Linux x86_64) AppleWebKit/537.36 (KHTML, like Gecko) Chrome/131.0.0.0 Safari/537.36"
34.186.41.235 - - [18/Sep/2026:17:29:35 +0000] "GET /ci/.env HTTP/1.1" 403 1242 "-" "Mozilla/5.0 (X11; Linux x86_64) AppleWebKit/537.36 (KHTML, like Gecko) Chrome/131.0.0.0 Safari/537.36"
34.186.41.235 - - [18/Sep/2026:17:29:39 +0000] "GET /circleci/.env HTTP/1.1" 403 1242 "-" "Mozilla/5.0 (X11; Linux x86_64) AppleWebKit/537.36 (KHTML, like Gecko) Chrome/131.0.0.0 Safari/537.36"
34.186.41.235 - - [18/Sep/2026:17:29:39 +0000] "GET /travis/.env HTTP/1.1" 403 1242 "-" "Mozilla/5.0 (X11; Linux x86_64) AppleWebKit/537.36 (KHTML, like Gecko) Chrome/131.0.0.0 Safari/537.36"
34.186.41.235 - - [18/Sep/2026:17:29:39 +0000] "GET /buildkite/.env HTTP/1.1" 403 1242 "-" "Mozilla/5.0 (X11; Linux x86_64) AppleWebKit/537.36 (KHTML, like Gecko) Chrome/131.0.0.0 Safari/537.36"
34.186.41.235 - - [18/Sep/2026:17:29:40 +0000] "GET /mysql/.env HTTP/1.1" 403 1242 "-" "Mozilla/5.0 (X11; Linux x86_64) AppleWebKit/537.36 (KHTML, like Gecko) Chrome/131.0.0.0 Safari/537.36"
34.186.41.235 - - [18/Sep/2026:17:29:40 +0000] "GET /postgres/.env HTTP/1.1" 403 1242 "-" "Mozilla/5.0 (X11; Linux x86_64) AppleWebKit/537.36 (KHTML, like Gecko) Chrome/131.0.0.0 Safari/537.36"
34.186.41.235 - - [18/Sep/2026:17:29:40 +0000] "GET /mongodb/.env HTTP/1.1" 403 1242 "-" "Mozilla/5.0 (X11; Linux x86_64) AppleWebKit/537.36 (KHTML, like Gecko) Chrome/131.0.0.0 Safari/537.36"
34.186.41.235 - - [18/Sep/2026:17:29:40 +0000] "GET /redis/.env HTTP/1.1" 403 1242 "-" "Mozilla/5.0 (X11; Linux x86_64) AppleWebKit/537.36 (KHTML, like Gecko) Chrome/131.0.0.0 Safari/537.36"
34.186.41.235 - - [18/Sep/2026:17:29:41 +0000] "GET /elasticsearch/.env HTTP/1.1" 403 1242 "-" "Mozilla/5.0 (X11; Linux x86_64) AppleWebKit/537.36 (KHTML, like Gecko) Chrome/131.0.0.0 Safari/537.36"
34.186.41.235 - - [18/Sep/2026:17:29:41 +0000] "GET /rabbitmq/.env HTTP/1.1" 403 1242 "-" "Mozilla/5.0 (X11; Linux x86_64) AppleWebKit/537.36 (KHTML, like Gecko) Chrome/131.0.0.0 Safari/537.36"
34.186.41.235 - - [18/Sep/2026:17:29:42 +0000] "GET /kafka/.env HTTP/1.1" 403 1242 "-" "Mozilla/5.0 (X11; Linux x86_64) AppleWebKit/537.36 (KHTML, like Gecko) Chrome/131.0.0.0 Safari/537.36"
34.186.41.235 - - [18/Sep/2026:17:29:42 +0000] "GET /queue/.env HTTP/1.1" 403 1242 "-" "Mozilla/5.0 (X11; Linux x86_64) AppleWebKit/537.36 (KHTML, like Gecko) Chrome/131.0.0.0 Safari/537.36"
34.186.41.235 - - [18/Sep/2026:17:29:42 +0000] "GET /worker/.env HTTP/1.1" 403 1242 "-" "Mozilla/5.0 (X11; Linux x86_64) AppleWebKit/537.36 (KHTML, like Gecko) Chrome/131.0.0.0 Safari/537.36"
34.186.41.235 - - [18/Sep/2026:17:29:43 +0000] "GET /job/.env HTTP/1.1" 403 1242 "-" "Mozilla/5.0 (X11; Linux x86_64) AppleWebKit/537.36 (KHTML, like Gecko) Chrome/131.0.0.0 Safari/537.36"
34.186.41.235 - - [18/Sep/2026:17:29:43 +0000] "GET /test/.env HTTP/1.1" 403 1242 "-" "Mozilla/5.0 (X11; Linux x86_64) AppleWebKit/537.36 (KHTML, like Gecko) Chrome/131.0.0.0 Safari/537.36"
34.186.41.235 - - [18/Sep/2026:17:29:43 +0000] "GET /qa/.env HTTP/1.1" 403 1242 "-" "Mozilla/5.0 (X11; Linux x86_64) AppleWebKit/537.36 (KHTML, like Gecko) Chrome/131.0.0.0 Safari/537.36"
34.186.41.235 - - [18/Sep/2026:17:29:44 +0000] "GET /preview/.env HTTP/1.1" 403 1242 "-" "Mozilla/5.0 (X11; Linux x86_64) AppleWebKit/537.36 (KHTML, like Gecko) Chrome/131.0.0.0 Safari/537.36"
34.186.41.235 - - [18/Sep/2026:17:29:44 +0000] "GET /beta/.env HTTP/1.1" 403 1242 "-" "Mozilla/5.0 (X11; Linux x86_64) AppleWebKit/537.36 (KHTML, like Gecko) Chrome/131.0.0.0 Safari/537.36"
34.186.41.235 - - [18/Sep/2026:17:29:44 +0000] "GET /uat/.env HTTP/1.1" 403 1242 "-" "Mozilla/5.0 (X11; Linux x86_64) AppleWebKit/537.36 (KHTML, like Gecko) Chrome/131.0.0.0 Safari/537.36"
34.186.41.235 - - [18/Sep/2026:17:29:45 +0000] "GET /stage/.env HTTP/1.1" 403 1242 "-" "Mozilla/5.0 (X11; Linux x86_64) AppleWebKit/537.36 (KHTML, like Gecko) Chrome/131.0.0.0 Safari/537.36"
34.186.41.235 - - [18/Sep/2026:17:29:45 +0000] "GET /development/.env HTTP/1.1" 403 1242 "-" "Mozilla/5.0 (X11; Linux x86_64) AppleWebKit/537.36 (KHTML, like Gecko) Chrome/131.0.0.0 Safari/537.36"
34.186.41.235 - - [18/Sep/2026:17:29:45 +0000] "GET /production/.env HTTP/1.1" 403 1242 "-" "Mozilla/5.0 (X11; Linux x86_64) AppleWebKit/537.36 (KHTML, like Gecko) Chrome/131.0.0.0 Safari/537.36"
34.186.41.235 - - [18/Sep/2026:17:29:46 +0000] "GET /config/app/.env HTTP/1.1" 403 1242 "-" "Mozilla/5.0 (X11; Linux x86_64) AppleWebKit/537.36 (KHTML, like Gecko) Chrome/131.0.0.0 Safari/537.36"
209.42.28.163 - - [18/Sep/2026:17:29:47 +0000] "POST /wp-cron.php?doing_wp_cron=1789752587.8126959800720214843750 HTTP/1.1" 200 0 "-" "WordPress/7.1.1; https://krishikranti.com.np"
34.186.41.235 - - [18/Sep/2026:17:29:46 +0000] "GET /phpinfo.php HTTP/1.1" 404 12775 "-" "Mozilla/5.0 (X11; Linux x86_64) AppleWebKit/537.36 (KHTML, like Gecko) Chrome/131.0.0.0 Safari/537.36"
34.186.41.235 - - [18/Sep/2026:17:29:48 +0000] "GET /info.php HTTP/1.1" 404 12775 "-" "Mozilla/5.0 (X11; Linux x86_64) AppleWebKit/537.36 (KHTML, like Gecko) Chrome/131.0.0.0 Safari/537.36"
34.186.41.235 - - [18/Sep/2026:17:29:49 +0000] "GET /php.php HTTP/1.1" 404 12775 "-" "Mozilla/5.0 (X11; Linux x86_64) AppleWebKit/537.36 (KHTML, like Gecko) Chrome/131.0.0.0 Safari/537.36"
34.186.41.235 - - [18/Sep/2026:17:29:51 +0000] "GET /i.php HTTP/1.1" 404 12775 "-" "Mozilla/5.0 (X11; Linux x86_64) AppleWebKit/537.36 (KHTML, like Gecko) Chrome/131.0.0.0 Safari/537.36"
34.186.41.235 - - [18/Sep/2026:17:29:52 +0000] "GET /pi.php HTTP/1.1" 404 12775 "-" "Mozilla/5.0 (X11; Linux x86_64) AppleWebKit/537.36 (KHTML, like Gecko) Chrome/131.0.0.0 Safari/537.36"
34.186.41.235 - - [18/Sep/2026:17:29:54 +0000] "GET /pinfo.php HTTP/1.1" 404 12775 "-" "Mozilla/5.0 (X11; Linux x86_64) AppleWebKit/537.36 (KHTML, like Gecko) Chrome/131.0.0.0 Safari/537.36"
34.186.41.235 - - [18/Sep/2026:17:29:56 +0000] "GET /test.php HTTP/1.1" 404 12775 "-" "Mozilla/5.0 (X11; Linux x86_64) AppleWebKit/537.36 (KHTML, like Gecko) Chrome/131.0.0.0 Safari/537.36"
34.186.41.235 - - [18/Sep/2026:17:29:57 +0000] "GET /phpinfo HTTP/1.1" 404 12775 "-" "Mozilla/5.0 (X11; Linux x86_64) AppleWebKit/537.36 (KHTML, like Gecko) Chrome/131.0.0.0 Safari/537.36"
34.186.41.235 - - [18/Sep/2026:17:29:58 +0000] "GET /p.php HTTP/1.1" 404 12775 "-" "Mozilla/5.0 (X11; Linux x86_64) AppleWebKit/537.36 (KHTML, like Gecko) Chrome/131.0.0.0 Safari/537.36"
52.167.144.142 - - [18/Sep/2026:17:29:59 +0000] "GET /wp-content/uploads/2024/10/Picture10-1024x622-1-600x364.png HTTP/2" 200 130628 "-" "Mozilla/5.0 AppleWebKit/537.36 (KHTML, like Gecko; compatible; bingbot/2.0; +http://www.bing.com/bingbot.htm) Chrome/116.0.1938.76 Safari/537.36"
34.186.41.235 - - [18/Sep/2026:17:29:59 +0000] "GET /debug.php HTTP/1.1" 404 12775 "-" "Mozilla/5.0 (X11; Linux x86_64) AppleWebKit/537.36 (KHTML, like Gecko) Chrome/131.0.0.0 Safari/537.36"
34.186.41.235 - - [18/Sep/2026:17:30:01 +0000] "GET /admin/phpinfo.php HTTP/1.1" 404 12775 "-" "Mozilla/5.0 (X11; Linux x86_64) AppleWebKit/537.36 (KHTML, like Gecko) Chrome/131.0.0.0 Safari/537.36"
34.186.41.235 - - [18/Sep/2026:17:30:02 +0000] "GET /test/phpinfo.php HTTP/1.1" 404 12775 "-" "Mozilla/5.0 (X11; Linux x86_64) AppleWebKit/537.36 (KHTML, like Gecko) Chrome/131.0.0.0 Safari/537.36"
34.186.41.235 - - [18/Sep/2026:17:30:04 +0000] "GET /dev/phpinfo.php HTTP/1.1" 404 12775 "-" "Mozilla/5.0 (X11; Linux x86_64) AppleWebKit/537.36 (KHTML, like Gecko) Chrome/131.0.0.0 Safari/537.36"
34.186.41.235 - - [18/Sep/2026:17:30:05 +0000] "GET /old/phpinfo.php HTTP/1.1" 404 12775 "-" "Mozilla/5.0 (X11; Linux x86_64) AppleWebKit/537.36 (KHTML, like Gecko) Chrome/131.0.0.0 Safari/537.36"
34.186.41.235 - - [18/Sep/2026:17:30:07 +0000] "GET /tmp/phpinfo.php HTTP/1.1" 404 12775 "-" "Mozilla/5.0 (X11; Linux x86_64) AppleWebKit/537.36 (KHTML, like Gecko) Chrome/131.0.0.0 Safari/537.36"
34.186.41.235 - - [18/Sep/2026:17:30:08 +0000] "GET /public/phpinfo.php HTTP/1.1" 404 12775 "-" "Mozilla/5.0 (X11; Linux x86_64) AppleWebKit/537.36 (KHTML, like Gecko) Chrome/131.0.0.0 Safari/537.36"
34.186.41.235 - - [18/Sep/2026:17:30:09 +0000] "GET /info HTTP/1.1" 404 12775 "-" "Mozilla/5.0 (X11; Linux x86_64) AppleWebKit/537.36 (KHTML, like Gecko) Chrome/131.0.0.0 Safari/537.36"
34.186.41.235 - - [18/Sep/2026:17:30:25 +0000] "GET /hosting/phpinfo.php HTTP/1.1" 404 12775 "-" "Mozilla/5.0 (X11; Linux x86_64) AppleWebKit/537.36 (KHTML, like Gecko) Chrome/131.0.0.0 Safari/537.36"
34.186.41.235 - - [18/Sep/2026:17:30:26 +0000] "GET /webmail/phpinfo.php HTTP/1.1" 200 13571 "-" "Mozilla/5.0 (X11; Linux x86_64) AppleWebKit/537.36 (KHTML, like Gecko) Chrome/131.0.0.0 Safari/537.36"
34.186.41.235 - - [18/Sep/2026:17:30:27 +0000] "GET /smtp/phpinfo.php HTTP/1.1" 404 12775 "-" "Mozilla/5.0 (X11; Linux x86_64) AppleWebKit/537.36 (KHTML, like Gecko) Chrome/131.0.0.0 Safari/537.36"
34.186.41.235 - - [18/Sep/2026:17:30:28 +0000] "GET /phpinfo.php.bak HTTP/1.1" 404 12775 "-" "Mozilla/5.0 (X11; Linux x86_64) AppleWebKit/537.36 (KHTML, like Gecko) Chrome/131.0.0.0 Safari/537.36"
34.186.41.235 - - [18/Sep/2026:17:30:29 +0000] "GET /phpinfo.php.old HTTP/1.1" 404 12775 "-" "Mozilla/5.0 (X11; Linux x86_64) AppleWebKit/537.36 (KHTML, like Gecko) Chrome/131.0.0.0 Safari/537.36"
34.186.41.235 - - [18/Sep/2026:17:30:30 +0000] "GET /phpinfo.php~ HTTP/1.1" 404 12775 "-" "Mozilla/5.0 (X11; Linux x86_64) AppleWebKit/537.36 (KHTML, like Gecko) Chrome/131.0.0.0 Safari/537.36"
34.186.41.235 - - [18/Sep/2026:17:30:31 +0000] "GET /info.php.bak HTTP/1.1" 404 12775 "-" "Mozilla/5.0 (X11; Linux x86_64) AppleWebKit/537.36 (KHTML, like Gecko) Chrome/131.0.0.0 Safari/537.36"
34.186.41.235 - - [18/Sep/2026:17:30:33 +0000] "GET /phpinfo.php.save HTTP/1.1" 404 12775 "-" "Mozilla/5.0 (X11; Linux x86_64) AppleWebKit/537.36 (KHTML, like Gecko) Chrome/131.0.0.0 Safari/537.36"
34.186.41.235 - - [18/Sep/2026:17:30:34 +0000] "GET /staging/phpinfo.php HTTP/1.1" 404 12775 "-" "Mozilla/5.0 (X11; Linux x86_64) AppleWebKit/537.36 (KHTML, like Gecko) Chrome/131.0.0.0 Safari/537.36"
34.186.41.235 - - [18/Sep/2026:17:30:35 +0000] "GET /beta/phpinfo.php HTTP/1.1" 404 12775 "-" "Mozilla/5.0 (X11; Linux x86_64) AppleWebKit/537.36 (KHTML, like Gecko) Chrome/131.0.0.0 Safari/537.36"
34.186.41.235 - - [18/Sep/2026:17:30:36 +0000] "GET /uat/phpinfo.php HTTP/1.1" 404 12775 "-" "Mozilla/5.0 (X11; Linux x86_64) AppleWebKit/537.36 (KHTML, like Gecko) Chrome/131.0.0.0 Safari/537.36"
34.186.41.235 - - [18/Sep/2026:17:30:38 +0000] "GET /qa/phpinfo.php HTTP/1.1" 404 12775 "-" "Mozilla/5.0 (X11; Linux x86_64) AppleWebKit/537.36 (KHTML, like Gecko) Chrome/131.0.0.0 Safari/537.36"
34.186.41.235 - - [18/Sep/2026:17:30:39 +0000] "GET /preview/phpinfo.php HTTP/1.1" 404 12775 "-" "Mozilla/5.0 (X11; Linux x86_64) AppleWebKit/537.36 (KHTML, like Gecko) Chrome/131.0.0.0 Safari/537.36"
34.186.41.235 - - [18/Sep/2026:17:30:40 +0000] "GET /www/phpinfo.php HTTP/1.1" 404 12775 "-" "Mozilla/5.0 (X11; Linux x86_64) AppleWebKit/537.36 (KHTML, like Gecko) Chrome/131.0.0.0 Safari/537.36"
34.186.41.235 - - [18/Sep/2026:17:30:42 +0000] "GET /htdocs/phpinfo.php HTTP/1.1" 404 12775 "-" "Mozilla/5.0 (X11; Linux x86_64) AppleWebKit/537.36 (KHTML, like Gecko) Chrome/131.0.0.0 Safari/537.36"
34.186.41.235 - - [18/Sep/2026:17:30:43 +0000] "GET /public_html/phpinfo.php HTTP/1.1" 404 12775 "-" "Mozilla/5.0 (X11; Linux x86_64) AppleWebKit/537.36 (KHTML, like Gecko) Chrome/131.0.0.0 Safari/537.36"
34.186.41.235 - - [18/Sep/2026:17:30:44 +0000] "GET /site/phpinfo.php HTTP/1.1" 404 12775 "-" "Mozilla/5.0 (X11; Linux x86_64) AppleWebKit/537.36 (KHTML, like Gecko) Chrome/131.0.0.0 Safari/537.36"
34.186.41.235 - - [18/Sep/2026:17:30:45 +0000] "GET /docs/phpinfo.php HTTP/1.1" 404 12775 "-" "Mozilla/5.0 (X11; Linux x86_64) AppleWebKit/537.36 (KHTML, like Gecko) Chrome/131.0.0.0 Safari/537.36"
34.186.41.235 - - [18/Sep/2026:17:30:47 +0000] "GET /wp-admin/phpinfo.php HTTP/1.1" 404 12775 "-" "Mozilla/5.0 (X11; Linux x86_64) AppleWebKit/537.36 (KHTML, like Gecko) Chrome/131.0.0.0 Safari/537.36"
34.186.41.235 - - [18/Sep/2026:17:30:48 +0000] "GET /administrator/phpinfo.php HTTP/1.1" 404 12775 "-" "Mozilla/5.0 (X11; Linux x86_64) AppleWebKit/537.36 (KHTML, like Gecko) Chrome/131.0.0.0 Safari/537.36"
34.186.41.235 - - [18/Sep/2026:17:30:11 +0000] "GET /php-info.php HTTP/1.1" 404 12775 "-" "Mozilla/5.0 (X11; Linux x86_64) AppleWebKit/537.36 (KHTML, like Gecko) Chrome/131.0.0.0 Safari/537.36"
34.186.41.235 - - [18/Sep/2026:17:30:12 +0000] "GET /phpversion.php HTTP/1.1" 404 12775 "-" "Mozilla/5.0 (X11; Linux x86_64) AppleWebKit/537.36 (KHTML, like Gecko) Chrome/131.0.0.0 Safari/537.36"
34.186.41.235 - - [18/Sep/2026:17:30:13 +0000] "GET /_phpinfo.php HTTP/1.1" 404 12775 "-" "Mozilla/5.0 (X11; Linux x86_64) AppleWebKit/537.36 (KHTML, like Gecko) Chrome/131.0.0.0 Safari/537.36"
34.186.41.235 - - [18/Sep/2026:17:30:15 +0000] "GET /old_phpinfo.php HTTP/1.1" 404 12775 "-" "Mozilla/5.0 (X11; Linux x86_64) AppleWebKit/537.36 (KHTML, like Gecko) Chrome/131.0.0.0 Safari/537.36"
34.186.41.235 - - [18/Sep/2026:17:30:16 +0000] "GET /server-info.php HTTP/1.1" 404 12775 "-" "Mozilla/5.0 (X11; Linux x86_64) AppleWebKit/537.36 (KHTML, like Gecko) Chrome/131.0.0.0 Safari/537.36"
34.186.41.235 - - [18/Sep/2026:17:30:17 +0000] "GET /server-status.php HTTP/1.1" 404 12775 "-" "Mozilla/5.0 (X11; Linux x86_64) AppleWebKit/537.36 (KHTML, like Gecko) Chrome/131.0.0.0 Safari/537.36"
34.186.41.235 - - [18/Sep/2026:17:30:19 +0000] "GET /_profiler/phpinfo HTTP/1.1" 404 12775 "-" "Mozilla/5.0 (X11; Linux x86_64) AppleWebKit/537.36 (KHTML, like Gecko) Chrome/131.0.0.0 Safari/537.36"
34.186.41.235 - - [18/Sep/2026:17:30:20 +0000] "GET /_environment HTTP/1.1" 404 12775 "-" "Mozilla/5.0 (X11; Linux x86_64) AppleWebKit/537.36 (KHTML, like Gecko) Chrome/131.0.0.0 Safari/537.36"
34.186.41.235 - - [18/Sep/2026:17:30:21 +0000] "GET /webroot/index.php/_environment HTTP/1.1" 301 0 "-" "Mozilla/5.0 (X11; Linux x86_64) AppleWebKit/537.36 (KHTML, like Gecko) Chrome/131.0.0.0 Safari/537.36"
34.186.41.235 - - [18/Sep/2026:17:30:22 +0000] "GET /mail/phpinfo.php HTTP/1.1" 404 12775 "-" "Mozilla/5.0 (X11; Linux x86_64) AppleWebKit/537.36 (KHTML, like Gecko) Chrome/131.0.0.0 Safari/537.36"
34.186.41.235 - - [18/Sep/2026:17:30:49 +0000] "GET /core/phpinfo.php HTTP/1.1" 404 12775 "-" "Mozilla/5.0 (X11; Linux x86_64) AppleWebKit/537.36 (KHTML, like Gecko) Chrome/131.0.0.0 Safari/537.36"
34.186.41.235 - - [18/Sep/2026:17:30:51 +0000] "GET /includes/phpinfo.php HTTP/1.1" 404 12775 "-" "Mozilla/5.0 (X11; Linux x86_64) AppleWebKit/537.36 (KHTML, like Gecko) Chrome/131.0.0.0 Safari/537.36"
34.186.41.235 - - [18/Sep/2026:17:30:52 +0000] "GET /service-account.json HTTP/1.1" 404 12775 "-" "Mozilla/5.0 (X11; Linux x86_64) AppleWebKit/537.36 (KHTML, like Gecko) Chrome/131.0.0.0 Safari/537.36"
209.42.28.163 - - [18/Sep/2026:17:30:54 +0000] "POST /wp-cron.php?doing_wp_cron=1789752654.4164519309997558593750 HTTP/1.1" 200 0 "-" "WordPress/7.1.1; https://krishikranti.com.np"
34.186.41.235 - - [18/Sep/2026:17:30:53 +0000] "GET /sa.json HTTP/1.1" 404 12775 "-" "Mozilla/5.0 (X11; Linux x86_64) AppleWebKit/537.36 (KHTML, like Gecko) Chrome/131.0.0.0 Safari/537.36"
34.186.41.235 - - [18/Sep/2026:17:30:55 +0000] "GET /gcp-key.json HTTP/1.1" 404 12775 "-" "Mozilla/5.0 (X11; Linux x86_64) AppleWebKit/537.36 (KHTML, like Gecko) Chrome/131.0.0.0 Safari/537.36"
34.186.41.235 - - [18/Sep/2026:17:30:56 +0000] "GET /gcp-credentials.json HTTP/1.1" 404 12775 "-" "Mozilla/5.0 (X11; Linux x86_64) AppleWebKit/537.36 (KHTML, like Gecko) Chrome/131.0.0.0 Safari/537.36"
34.186.41.235 - - [18/Sep/2026:17:30:57 +0000] "GET /gcp-sa.json HTTP/1.1" 404 12775 "-" "Mozilla/5.0 (X11; Linux x86_64) AppleWebKit/537.36 (KHTML, like Gecko) Chrome/131.0.0.0 Safari/537.36"
34.186.41.235 - - [18/Sep/2026:17:30:59 +0000] "GET /credentials.json HTTP/1.1" 404 12775 "-" "Mozilla/5.0 (X11; Linux x86_64) AppleWebKit/537.36 (KHTML, like Gecko) Chrome/131.0.0.0 Safari/537.36"
34.186.41.235 - - [18/Sep/2026:17:31:00 +0000] "GET /google-credentials.json HTTP/1.1" 404 12775 "-" "Mozilla/5.0 (X11; Linux x86_64) AppleWebKit/537.36 (KHTML, like Gecko) Chrome/131.0.0.0 Safari/537.36"
34.186.41.235 - - [18/Sep/2026:17:31:01 +0000] "GET /google-key.json HTTP/1.1" 404 12775 "-" "Mozilla/5.0 (X11; Linux x86_64) AppleWebKit/537.36 (KHTML, like Gecko) Chrome/131.0.0.0 Safari/537.36"
34.186.41.235 - - [18/Sep/2026:17:31:03 +0000] "GET /.config/gcloud/application_default_credentials.json HTTP/1.1" 404 12775 "-" "Mozilla/5.0 (X11; Linux x86_64) AppleWebKit/537.36 (KHTML, like Gecko) Chrome/131.0.0.0 Safari/537.36"
34.186.41.235 - - [18/Sep/2026:17:31:04 +0000] "GET /application_default_credentials.json HTTP/1.1" 404 12775 "-" "Mozilla/5.0 (X11; Linux x86_64) AppleWebKit/537.36 (KHTML, like Gecko) Chrome/131.0.0.0 Safari/537.36"
34.186.41.235 - - [18/Sep/2026:17:31:05 +0000] "GET /key.json HTTP/1.1" 404 12775 "-" "Mozilla/5.0 (X11; Linux x86_64) AppleWebKit/537.36 (KHTML, like Gecko) Chrome/131.0.0.0 Safari/537.36"
34.186.41.235 - - [18/Sep/2026:17:31:07 +0000] "GET /keyfile.json HTTP/1.1" 404 12775 "-" "Mozilla/5.0 (X11; Linux x86_64) AppleWebKit/537.36 (KHTML, like Gecko) Chrome/131.0.0.0 Safari/537.36"
34.186.41.235 - - [18/Sep/2026:17:31:08 +0000] "GET /firebase-adminsdk.json HTTP/1.1" 404 12775 "-" "Mozilla/5.0 (X11; Linux x86_64) AppleWebKit/537.36 (KHTML, like Gecko) Chrome/131.0.0.0 Safari/537.36"
34.186.41.235 - - [18/Sep/2026:17:31:09 +0000] "GET /firebase-key.json HTTP/1.1" 404 12775 "-" "Mozilla/5.0 (X11; Linux x86_64) AppleWebKit/537.36 (KHTML, like Gecko) Chrome/131.0.0.0 Safari/537.36"
34.186.41.235 - - [18/Sep/2026:17:31:11 +0000] "GET / HTTP/1.1" 200 39159 "-" "Mozilla/5.0 (X11; Linux x86_64) AppleWebKit/537.36 (KHTML, like Gecko) Chrome/131.0.0.0 Safari/537.36"
209.42.28.163 - - [18/Sep/2026:17:46:18 +0000] "POST /wp-cron.php?doing_wp_cron=1789753578.3151121139526367187500 HTTP/1.1" 200 0 "-" "WordPress/7.1.1; https://krishikranti.com.np"
74.220.219.153 - - [18/Sep/2026:17:46:17 +0000] "GET /wp-login.php HTTP/2" 200 2084 "-" "Mozilla/5.0 (X11; Linux x86_64) AppleWebKit/537.36 (KHTML, like Gecko) Chrome/146.0.0.0 Safari/537.36"
74.220.219.153 - - [18/Sep/2026:17:46:18 +0000] "POST /wp-login.php HTTP/2" 200 2215 "https://krishikranti.com.np/wp-login.php" "Mozilla/5.0 (X11; Linux x86_64) AppleWebKit/537.36 (KHTML, like Gecko) Chrome/146.0.0.0 Safari/537.36"
209.42.28.163 - - [18/Sep/2026:17:42:30 +0000] "POST /wp-cron.php?doing_wp_cron=1789753350.2104010581970214843750 HTTP/1.1" 200 0 "-" "WordPress/7.1.1; https://krishikranti.com.np"
185.191.171.7 - - [18/Sep/2026:17:42:29 +0000] "GET /robots.txt HTTP/1.1" 200 162 "-" "Mozilla/5.0 (compatible; SemrushBot/7~bl; +http://www.semrush.com/bot.html)"
85.208.96.210 - - [18/Sep/2026:17:42:31 +0000] "GET /testimonial/ HTTP/1.1" 200 26843 "-" "Mozilla/5.0 (compatible; SemrushBot/7~bl; +http://www.semrush.com/bot.html)"
209.42.28.163 - - [18/Sep/2026:17:53:16 +0000] "POST /wp-cron.php?doing_wp_cron=1789753996.3775451183319091796875 HTTP/1.1" 200 0 "-" "WordPress/7.1.1; https://krishikranti.com.np"
52.167.144.142 - - [18/Sep/2026:17:53:15 +0000] "GET /wp-sitemap-posts-page-1.xml HTTP/2" 200 1160 "-" "Mozilla/5.0 AppleWebKit/537.36 (KHTML, like Gecko; compatible; bingbot/2.0; +http://www.bing.com/bingbot.htm) Chrome/116.0.1938.76 Safari/537.36"
209.42.28.163 - - [18/Sep/2026:17:55:19 +0000] "POST /wp-cron.php?doing_wp_cron=1789754119.4397850036621093750000 HTTP/1.1" 200 0 "-" "WordPress/7.1.1; https://krishikranti.com.np"
157.55.39.200 - - [18/Sep/2026:17:55:18 +0000] "GET /%E0%A4%95%E0%A5%81%E0%A4%96%E0%A5%81%E0%A4%B0%E0%A4%BE-%E0%A4%AA%E0%A4%BE%E0%A4%B2%E0%A4%A8/ HTTP/2" 200 21193 "-" "Mozilla/5.0 AppleWebKit/537.36 (KHTML, like Gecko; compatible; bingbot/2.0; +http://www.bing.com/bingbot.htm) Chrome/116.0.1938.76 Safari/537.36"
216.73.217.100 - - [18/Sep/2026:17:56:30 +0000] "GET /?p=1395 HTTP/2" 301 0 "-" "Mozilla/5.0 AppleWebKit/537.36 (KHTML, like Gecko; compatible; ClaudeBot/1.0; +claudebot@anthropic.com)"
209.42.28.163 - - [18/Sep/2026:17:56:31 +0000] "POST /wp-cron.php?doing_wp_cron=1789754191.2665081024169921875000 HTTP/1.1" 200 0 "-" "WordPress/7.1.1; https://krishikranti.com.np"
216.73.217.100 - - [18/Sep/2026:17:56:30 +0000] "GET /?p=1406 HTTP/2" 301 0 "-" "Mozilla/5.0 AppleWebKit/537.36 (KHTML, like Gecko; compatible; ClaudeBot/1.0; +claudebot@anthropic.com)"
216.73.217.100 - - [18/Sep/2026:17:56:31 +0000] "GET /product/milking-machine-%e0%a4%a0%e0%a5%82%e0%a4%b2%e0%a4%be-%e0%a4%a4%e0%a4%a5%e0%a4%be-%e0%a4%b5%e0%a5%8d%e0%a4%af%e0%a4%be%e0%a4%b5%e0%a4%b8%e0%a4%be%e0%a4%af%e0%a4%bf%e0%a4%95-%e0%a4%b8%e0%a5%8d%e0%a4%a4/ HTTP/2" 200 22433 "https://krishikranti.com.np/?p=1395" "Mozilla/5.0 AppleWebKit/537.36 (KHTML, like Gecko; compatible; ClaudeBot/1.0; +claudebot@anthropic.com)"
216.73.217.100 - - [18/Sep/2026:17:56:31 +0000] "GET /product/%e0%a4%b0%e0%a4%be%e0%a4%88-%e0%a4%98%e0%a4%be%e0%a4%81%e0%a4%b8-rye-grass/ HTTP/2" 200 21813 "https://krishikranti.com.np/?p=1406" "Mozilla/5.0 AppleWebKit/537.36 (KHTML, like Gecko; compatible; ClaudeBot/1.0; +claudebot@anthropic.com)"
216.73.217.100 - - [18/Sep/2026:17:56:42 +0000] "GET /?p=1317 HTTP/2" 301 0 "-" "Mozilla/5.0 AppleWebKit/537.36 (KHTML, like Gecko; compatible; ClaudeBot/1.0; +claudebot@anthropic.com)"
216.73.217.100 - - [18/Sep/2026:17:56:42 +0000] "GET /?p=1415 HTTP/2" 301 0 "-" "Mozilla/5.0 AppleWebKit/537.36 (KHTML, like Gecko; compatible; ClaudeBot/1.0; +claudebot@anthropic.com)"
216.73.217.100 - - [18/Sep/2026:17:56:43 +0000] "GET /product/%e0%a4%9f%e0%a4%bf%e0%a4%b5%e0%a4%b8%e0%a5%87%e0%a4%a8%e0%a5%8d%e0%a4%9f%e0%a4%bf-%e0%a4%98%e0%a4%be%e0%a4%b8/ HTTP/2" 200 21953 "https://krishikranti.com.np/?p=1415" "Mozilla/5.0 AppleWebKit/537.36 (KHTML, like Gecko; compatible; ClaudeBot/1.0; +claudebot@anthropic.com)"
216.73.217.100 - - [18/Sep/2026:17:56:43 +0000] "GET /product/plough-%e0%a4%ae%e0%a4%be%e0%a4%9f%e0%a5%8b-%e0%a4%9c%e0%a5%8b%e0%a4%a4%e0%a5%8d%e0%a4%a8-%e0%a4%b0-%e0%a4%96%e0%a5%87%e0%a4%a4-%e0%a4%a4%e0%a4%af%e0%a4%be%e0%a4%b0%e0%a5%80-%e0%a4%97%e0%a4%b0/ HTTP/2" 200 22144 "https://krishikranti.com.np/?p=1317" "Mozilla/5.0 AppleWebKit/537.36 (KHTML, like Gecko; compatible; ClaudeBot/1.0; +claudebot@anthropic.com)"
216.73.217.100 - - [18/Sep/2026:17:57:22 +0000] "GET /?p=1309 HTTP/2" 301 0 "-" "Mozilla/5.0 AppleWebKit/537.36 (KHTML, like Gecko; compatible; ClaudeBot/1.0; +claudebot@anthropic.com)"
209.42.28.163 - - [18/Sep/2026:17:57:22 +0000] "POST /wp-cron.php?doing_wp_cron=1789754242.9212260246276855468750 HTTP/1.1" 200 0 "-" "WordPress/7.1.1; https://krishikranti.com.np"
216.73.217.100 - - [18/Sep/2026:17:57:22 +0000] "GET /?p=1413 HTTP/2" 301 0 "-" "Mozilla/5.0 AppleWebKit/537.36 (KHTML, like Gecko; compatible; ClaudeBot/1.0; +claudebot@anthropic.com)"
216.73.217.100 - - [18/Sep/2026:17:57:23 +0000] "GET /product/pallet-machine/ HTTP/2" 200 21758 "https://krishikranti.com.np/?p=1309" "Mozilla/5.0 AppleWebKit/537.36 (KHTML, like Gecko; compatible; ClaudeBot/1.0; +claudebot@anthropic.com)"
216.73.217.100 - - [18/Sep/2026:17:57:23 +0000] "GET /product/%e0%a4%9c%e0%a5%88-%e0%a4%98%e0%a4%be%e0%a4%b8/ HTTP/2" 200 21808 "https://krishikranti.com.np/?p=1413" "Mozilla/5.0 AppleWebKit/537.36 (KHTML, like Gecko; compatible; ClaudeBot/1.0; +claudebot@anthropic.com)"
216.73.217.100 - - [18/Sep/2026:17:57:34 +0000] "GET /?p=1410 HTTP/2" 301 0 "-" "Mozilla/5.0 AppleWebKit/537.36 (KHTML, like Gecko; compatible; ClaudeBot/1.0; +claudebot@anthropic.com)"
216.73.217.100 - - [18/Sep/2026:17:57:34 +0000] "GET /?p=1412 HTTP/2" 301 0 "-" "Mozilla/5.0 AppleWebKit/537.36 (KHTML, like Gecko; compatible; ClaudeBot/1.0; +claudebot@anthropic.com)"
216.73.217.100 - - [18/Sep/2026:17:57:35 +0000] "GET /product/%e0%a4%ae%e0%a5%8b%e0%a4%9f%e0%a5%87-%e0%a4%98%e0%a4%be%e0%a4%81%e0%a4%b8-sudan-grass/ HTTP/2" 200 21891 "https://krishikranti.com.np/?p=1410" "Mozilla/5.0 AppleWebKit/537.36 (KHTML, like Gecko; compatible; ClaudeBot/1.0; +claudebot@anthropic.com)"
216.73.217.100 - - [18/Sep/2026:17:57:35 +0000] "GET /product/%e0%a4%b2%e0%a5%81%e0%a4%b8%e0%a4%b0%e0%a5%8d%e0%a4%a8-lucerne-alfalfa/ HTTP/2" 200 21849 "https://krishikranti.com.np/?p=1412" "Mozilla/5.0 AppleWebKit/537.36 (KHTML, like Gecko; compatible; ClaudeBot/1.0; +claudebot@anthropic.com)"
216.73.217.100 - - [18/Sep/2026:17:57:39 +0000] "GET /?p=1426 HTTP/2" 301 0 "-" "Mozilla/5.0 AppleWebKit/537.36 (KHTML, like Gecko; compatible; ClaudeBot/1.0; +claudebot@anthropic.com)"
216.73.217.100 - - [18/Sep/2026:17:57:39 +0000] "GET /?p=1431 HTTP/2" 301 0 "-" "Mozilla/5.0 AppleWebKit/537.36 (KHTML, like Gecko; compatible; ClaudeBot/1.0; +claudebot@anthropic.com)"
216.73.217.100 - - [18/Sep/2026:17:57:40 +0000] "GET /product/sutkeri-shakti/ HTTP/2" 200 21636 "https://krishikranti.com.np/?p=1431" "Mozilla/5.0 AppleWebKit/537.36 (KHTML, like Gecko; compatible; ClaudeBot/1.0; +claudebot@anthropic.com)"
216.73.217.100 - - [18/Sep/2026:17:57:40 +0000] "GET /product/thuja/ HTTP/2" 200 21716 "https://krishikranti.com.np/?p=1426" "Mozilla/5.0 AppleWebKit/537.36 (KHTML, like Gecko; compatible; ClaudeBot/1.0; +claudebot@anthropic.com)"
209.42.28.163 - - [18/Sep/2026:17:58:12 +0000] "POST /wp-cron.php?doing_wp_cron=1789754292.6577069759368896484375 HTTP/1.1" 200 0 "-" "WordPress/7.1.1; https://krishikranti.com.np"
216.73.217.100 - - [18/Sep/2026:17:58:11 +0000] "GET /?p=1411 HTTP/2" 301 0 "-" "Mozilla/5.0 AppleWebKit/537.36 (KHTML, like Gecko; compatible; ClaudeBot/1.0; +claudebot@anthropic.com)"
216.73.217.100 - - [18/Sep/2026:17:58:11 +0000] "GET /?p=1414 HTTP/2" 301 0 "-" "Mozilla/5.0 AppleWebKit/537.36 (KHTML, like Gecko; compatible; ClaudeBot/1.0; +claudebot@anthropic.com)"
216.73.217.100 - - [18/Sep/2026:17:58:12 +0000] "GET /product/%e0%a4%b8%e0%a5%8d%e0%a4%9f%e0%a4%be%e0%a4%87%e0%a4%b2%e0%a5%8b-%e0%a4%98%e0%a4%be%e0%a4%81%e0%a4%b8-stylosanthes-spp/ HTTP/2" 200 21216 "https://krishikranti.com.np/?p=1411" "Mozilla/5.0 AppleWebKit/537.36 (KHTML, like Gecko; compatible; ClaudeBot/1.0; +claudebot@anthropic.com)"
216.73.217.100 - - [18/Sep/2026:17:58:12 +0000] "GET /product/%e0%a4%ac%e0%a4%b0%e0%a5%8d%e0%a4%b8%e0%a4%bf%e0%a4%ae-%e0%a4%98%e0%a4%be%e0%a4%b8/ HTTP/2" 200 21888 "https://krishikranti.com.np/?p=1414" "Mozilla/5.0 AppleWebKit/537.36 (KHTML, like Gecko; compatible; ClaudeBot/1.0; +claudebot@anthropic.com)"
216.73.217.100 - - [18/Sep/2026:17:58:30 +0000] "GET /?p=1416 HTTP/2" 301 0 "-" "Mozilla/5.0 AppleWebKit/537.36 (KHTML, like Gecko; compatible; ClaudeBot/1.0; +claudebot@anthropic.com)"
216.73.217.100 - - [18/Sep/2026:17:58:30 +0000] "GET /product/pallet-machine/feed/ HTTP/2" 200 375 "-" "Mozilla/5.0 AppleWebKit/537.36 (KHTML, like Gecko; compatible; ClaudeBot/1.0; +claudebot@anthropic.com)"
209.42.28.163 - - [18/Sep/2026:17:59:18 +0000] "POST /wp-cron.php?doing_wp_cron=1789754358.3718190193176269531250 HTTP/1.1" 200 0 "-" "WordPress/7.1.1; https://krishikranti.com.np"
209.42.28.163 - - [18/Sep/2026:17:59:18 +0000] "POST /wp-cron.php?doing_wp_cron=1789754358.3718020915985107421875 HTTP/1.1" 200 0 "-" "WordPress/7.1.1; https://krishikranti.com.np"
216.73.217.100 - - [18/Sep/2026:17:59:17 +0000] "GET /product/sutkeri-shakti/feed/ HTTP/2" 200 378 "-" "Mozilla/5.0 AppleWebKit/537.36 (KHTML, like Gecko; compatible; ClaudeBot/1.0; +claudebot@anthropic.com)"
216.73.217.100 - - [18/Sep/2026:17:59:17 +0000] "GET /product/thuja/feed/ HTTP/2" 200 370 "-" "Mozilla/5.0 AppleWebKit/537.36 (KHTML, like Gecko; compatible; ClaudeBot/1.0; +claudebot@anthropic.com)"
216.73.217.100 - - [18/Sep/2026:17:59:22 +0000] "GET /product/totavit-boluse-medicine/feed/ HTTP/2" 200 390 "-" "Mozilla/5.0 AppleWebKit/537.36 (KHTML, like Gecko; compatible; ClaudeBot/1.0; +claudebot@anthropic.com)"
216.73.217.100 - - [18/Sep/2026:17:59:22 +0000] "GET /product/ferikind-vet-iron-tonic/feed/ HTTP/2" 200 400 "-" "Mozilla/5.0 AppleWebKit/537.36 (KHTML, like Gecko; compatible; ClaudeBot/1.0; +claudebot@anthropic.com)"
216.73.217.100 - - [18/Sep/2026:17:59:27 +0000] "GET /product/%e0%a4%b2%e0%a5%81%e0%a4%b8%e0%a4%b0%e0%a5%8d%e0%a4%a8-lucerne-alfalfa/feed/ HTTP/2" 200 444 "-" "Mozilla/5.0 AppleWebKit/537.36 (KHTML, like Gecko; compatible; ClaudeBot/1.0; +claudebot@anthropic.com)"
216.73.217.100 - - [18/Sep/2026:17:59:27 +0000] "GET /product/%e0%a4%9c%e0%a5%88-%e0%a4%98%e0%a4%be%e0%a4%b8/feed/ HTTP/2" 200 418 "-" "Mozilla/5.0 AppleWebKit/537.36 (KHTML, like Gecko; compatible; ClaudeBot/1.0; +claudebot@anthropic.com)"
209.42.28.163 - - [18/Sep/2026:18:00:07 +0000] "POST /wp-cron.php?doing_wp_cron=1789754407.7335538864135742187500 HTTP/1.1" 200 0 "-" "WordPress/7.1.1; https://krishikranti.com.np"
216.73.217.100 - - [18/Sep/2026:18:00:06 +0000] "GET /product/%e0%a4%b0%e0%a4%be%e0%a4%88-%e0%a4%98%e0%a4%be%e0%a4%81%e0%a4%b8-rye-grass/feed/ HTTP/2" 200 432 "-" "Mozilla/5.0 AppleWebKit/537.36 (KHTML, like Gecko; compatible; ClaudeBot/1.0; +claudebot@anthropic.com)"
216.73.217.100 - - [18/Sep/2026:18:00:06 +0000] "GET /product/%e0%a4%ac%e0%a4%b0%e0%a5%8d%e0%a4%b8%e0%a4%bf%e0%a4%ae-%e0%a4%98%e0%a4%be%e0%a4%b8/feed/ HTTP/2" 200 442 "-" "Mozilla/5.0 AppleWebKit/537.36 (KHTML, like Gecko; compatible; ClaudeBot/1.0; +claudebot@anthropic.com)"
216.73.217.100 - - [18/Sep/2026:18:00:13 +0000] "GET /product-category/%e0%a4%aa%e0%a4%b6%e0%a5%81%e0%a4%aa%e0%a4%a8%e0%a5%8d%e0%a4%9b%e0%a5%80/feed/ HTTP/2" 200 1991 "-" "Mozilla/5.0 AppleWebKit/537.36 (KHTML, like Gecko; compatible; ClaudeBot/1.0; +claudebot@anthropic.com)"
216.73.217.100 - - [18/Sep/2026:18:00:19 +0000] "GET /robots.txt HTTP/2" 200 144 "-" "Mozilla/5.0 AppleWebKit/537.36 (KHTML, like Gecko; compatible; ClaudeBot/1.0; +claudebot@anthropic.com)"
216.73.217.100 - - [18/Sep/2026:18:00:20 +0000] "GET /product/%e0%a4%ae%e0%a5%8b%e0%a4%9f%e0%a5%87-%e0%a4%98%e0%a4%be%e0%a4%81%e0%a4%b8-sudan-grass/feed/ HTTP/2" 200 460 "-" "Mozilla/5.0 AppleWebKit/537.36 (KHTML, like Gecko; compatible; ClaudeBot/1.0; +claudebot@anthropic.com)"
209.42.28.163 - - [18/Sep/2026:18:00:54 +0000] "POST /wp-cron.php?doing_wp_cron=1789754454.2126719951629638671875 HTTP/1.1" 200 0 "-" "WordPress/7.1.1; https://krishikranti.com.np"
216.73.217.100 - - [18/Sep/2026:18:00:53 +0000] "GET /product/%e0%a4%9f%e0%a4%bf%e0%a4%b5%e0%a4%b8%e0%a5%87%e0%a4%a8%e0%a5%8d%e0%a4%9f%e0%a4%bf-%e0%a4%98%e0%a4%be%e0%a4%b8/feed/ HTTP/2" 200 456 "-" "Mozilla/5.0 AppleWebKit/537.36 (KHTML, like Gecko; compatible; ClaudeBot/1.0; +claudebot@anthropic.com)"
216.73.217.100 - - [18/Sep/2026:18:01:01 +0000] "GET /product/%e0%a4%b8%e0%a5%8d%e0%a4%9f%e0%a4%be%e0%a4%87%e0%a4%b2%e0%a5%8b-%e0%a4%98%e0%a4%be%e0%a4%81%e0%a4%b8-stylosanthes-spp/feed/ HTTP/2" 200 483 "-" "Mozilla/5.0 AppleWebKit/537.36 (KHTML, like Gecko; compatible; ClaudeBot/1.0; +claudebot@anthropic.com)"
216.73.217.100 - - [18/Sep/2026:18:01:11 +0000] "GET /product/milking-machine-%e0%a4%a0%e0%a5%82%e0%a4%b2%e0%a4%be-%e0%a4%a4%e0%a4%a5%e0%a4%be-%e0%a4%b5%e0%a5%8d%e0%a4%af%e0%a4%be%e0%a4%b5%e0%a4%b8%e0%a4%be%e0%a4%af%e0%a4%bf%e0%a4%95-%e0%a4%b8%e0%a5%8d%e0%a4%a4/feed/ HTTP/2" 200 613 "-" "Mozilla/5.0 AppleWebKit/537.36 (KHTML, like Gecko; compatible; ClaudeBot/1.0; +claudebot@anthropic.com)"
216.73.217.100 - - [18/Sep/2026:18:01:46 +0000] "GET /product/plough-%e0%a4%ae%e0%a4%be%e0%a4%9f%e0%a5%8b-%e0%a4%9c%e0%a5%8b%e0%a4%a4%e0%a5%8d%e0%a4%a8-%e0%a4%b0-%e0%a4%96%e0%a5%87%e0%a4%a4-%e0%a4%a4%e0%a4%af%e0%a4%be%e0%a4%b0%e0%a5%80-%e0%a4%97%e0%a4%b0/feed/ HTTP/2" 200 539 "-" "Mozilla/5.0 AppleWebKit/537.36 (KHTML, like Gecko; compatible; ClaudeBot/1.0; +claudebot@anthropic.com)"
209.42.28.163 - - [18/Sep/2026:18:01:59 +0000] "POST /wp-cron.php?doing_wp_cron=1789754519.1933999061584472656250 HTTP/1.1" 200 0 "-" "WordPress/7.1.1; https://krishikranti.com.np"
216.73.217.100 - - [18/Sep/2026:18:01:58 +0000] "GET /product/milking-machine-%e0%a4%a0%e0%a5%82%e0%a4%b2%e0%a4%be-%e0%a4%a4%e0%a4%a5%e0%a4%be-%e0%a4%b5%e0%a5%8d%e0%a4%af%e0%a4%be%e0%a4%b5%e0%a4%b8%e0%a4%be%e0%a4%af%e0%a4%bf%e0%a4%95-%e0%a4%b8%e0%a5%8d%e0%a4%a4/ HTTP/2" 200 22443 "-" "Mozilla/5.0 AppleWebKit/537.36 (KHTML, like Gecko; compatible; ClaudeBot/1.0; +claudebot@anthropic.com)"
216.73.217.100 - - [18/Sep/2026:17:58:32 +0000] "GET /product/totavit-boluse-medicine/ HTTP/2" 200 21638 "https://krishikranti.com.np/?p=1416" "Mozilla/5.0 AppleWebKit/537.36 (KHTML, like Gecko; compatible; ClaudeBot/1.0; +claudebot@anthropic.com)"
209.42.28.163 - - [18/Sep/2026:18:08:32 +0000] "POST /wp-cron.php?doing_wp_cron=1789754912.2308828830718994140625 HTTP/1.1" 200 0 "-" "WordPress/7.1.1; https://krishikranti.com.np"
45.86.202.216 - - [18/Sep/2026:18:08:31 +0000] "GET /wp-login.php HTTP/1.1" 200 2350 "-" "Mozilla/5.0 (Macintosh; Intel Mac OS X 10_15_7) AppleWebKit/605.1.15 Version/17.0 Safari/605.1.15"
45.86.202.216 - - [18/Sep/2026:18:08:32 +0000] "GET /?author=1 HTTP/1.1" 301 0 "-" "Mozilla/5.0 (Windows NT 10.0; Win64; x64) AppleWebKit/537.36 Chrome/129.0.0.0 Safari/537.36"
45.86.202.216 - - [18/Sep/2026:18:08:33 +0000] "GET /?rest_route=/wp/v2/users HTTP/1.1" 200 602 "-" "Mozilla/5.0 (Macintosh; Intel Mac OS X 10_15_7) AppleWebKit/605.1.15 Version/17.0 Safari/605.1.15"
13.221.182.197 - - [18/Sep/2026:18:10:23 +0000] "GET /robots.txt HTTP/1.1" 400 52 "-" "Mozilla/5.0 (compatible; getdomaindata/1.0; +https://getdomaindata.com/bot)"
13.221.182.197 - - [18/Sep/2026:18:10:24 +0000] "GET / HTTP/1.1" 400 52 "-" "Mozilla/5.0 (compatible; getdomaindata/1.0; +https://getdomaindata.com/bot)"
209.42.28.163 - - [18/Sep/2026:18:14:31 +0000] "POST /wp-cron.php?doing_wp_cron=1789755271.4130749702453613281250 HTTP/1.1" 200 0 "-" "WordPress/7.1.1; https://krishikranti.com.np"
157.55.39.9 - - [18/Sep/2026:18:14:30 +0000] "GET /%E0%A4%B5%E0%A4%BF%E0%A4%A4%E0%A5%8D%E0%A4%A4%E0%A5%80%E0%A4%AF-%E0%A4%B8%E0%A4%B8%E0%A5%8D%E0%A4%A5%E0%A4%BE-%E0%A4%A4%E0%A4%BE%E0%A4%B2%E0%A4%BF%E0%A4%AE/ HTTP/2" 200 20077 "-" "Mozilla/5.0 AppleWebKit/537.36 (KHTML, like Gecko; compatible; bingbot/2.0; +http://www.bing.com/bingbot.htm) Chrome/116.0.1938.76 Safari/537.36"
209.42.28.163 - - [18/Sep/2026:18:16:52 +0000] "POST /wp-cron.php?doing_wp_cron=1789755412.3791289329528808593750 HTTP/1.1" 200 0 "-" "WordPress/7.1.1; https://krishikranti.com.np"
40.77.167.1 - - [18/Sep/2026:18:16:51 +0000] "GET /wp-sitemap-taxonomies-category-1.xml HTTP/2" 200 175 "-" "Mozilla/5.0 AppleWebKit/537.36 (KHTML, like Gecko; compatible; bingbot/2.0; +http://www.bing.com/bingbot.htm) Chrome/116.0.1938.76 Safari/537.36"
68.183.23.166 - - [18/Sep/2026:18:28:31 +0000] "GET / HTTP/1.1" 301 0 "-" "Mozilla/5.0 (X11; Linux x86_64) AppleWebKit/537.36 (KHTML, like Gecko) Chrome/142.0.0.0 Safari/537.36"
68.183.23.166 - - [18/Sep/2026:18:28:37 +0000] "GET /favicon.ico HTTP/1.1" 404 1251 "https://www.krishikranti.com.np/" "Mozilla/5.0 (X11; Linux x86_64) AppleWebKit/537.36 (KHTML, like Gecko) Chrome/142.0.0.0 Safari/537.36"
45.86.202.216 - - [18/Sep/2026:18:28:47 +0000] "POST /wp-login.php HTTP/1.1" 200 2485 "-" "Mozilla/5.0 (Windows NT 10.0; Win64; x64) AppleWebKit/537.36 Chrome/129.0.0.0 Safari/537.36"
34.229.232.78 - - [18/Sep/2026:18:37:23 +0000] "GET /robots.txt HTTP/1.1" 200 26 "-" "Mozilla/5.0 (compatible; getdomaindata/1.0; +https://getdomaindata.com/bot)"
34.227.32.185 - - [18/Sep/2026:18:39:07 +0000] "GET /robots.txt HTTP/1.1" 401 53 "-" "Mozilla/5.0 (compatible; getdomaindata/1.0; +https://getdomaindata.com/bot)"
34.227.32.185 - - [18/Sep/2026:18:39:08 +0000] "GET / HTTP/1.1" 401 53 "-" "Mozilla/5.0 (compatible; getdomaindata/1.0; +https://getdomaindata.com/bot)"
3.237.16.175 - - [18/Sep/2026:18:40:09 +0000] "GET /robots.txt HTTP/1.1" 401 53 "-" "Mozilla/5.0 (compatible; getdomaindata/1.0; +https://getdomaindata.com/bot)"
3.237.16.175 - - [18/Sep/2026:18:40:09 +0000] "GET / HTTP/1.1" 401 53 "-" "Mozilla/5.0 (compatible; getdomaindata/1.0; +https://getdomaindata.com/bot)"
209.42.28.163 - - [18/Sep/2026:18:41:28 +0000] "POST /wp-cron.php?doing_wp_cron=1789756888.8171539306640625000000 HTTP/1.1" 200 0 "-" "WordPress/7.1.1; https://krishikranti.com.np"
192.178.6.137 - - [18/Sep/2026:18:41:27 +0000] "GET / HTTP/1.1" 200 33072 "-" "Mozilla/5.0 (Linux; Android 6.0.1; Nexus 5X Build/MMB29P) AppleWebKit/537.36 (KHTML, like Gecko) Chrome/153.0.8010.47 Mobile Safari/537.36 (compatible; Googlebot/2.1; +http://www.google.com/bot.html)"
192.178.6.137 - - [18/Sep/2026:18:42:27 +0000] "GET /wp-content/uploads/elementor/css/post-128.css?ver=1788480000 HTTP/1.1" 200 1244 "https://krishikranti.com.np/" "Mozilla/5.0 (Linux; Android 6.0.1; Nexus 5X Build/MMB29P) AppleWebKit/537.36 (KHTML, like Gecko) Chrome/153.0.8010.47 Mobile Safari/537.36 (compatible; Googlebot/2.1; +http://www.google.com/bot.html)"
192.178.6.137 - - [18/Sep/2026:18:42:27 +0000] "GET /wp-content/plugins/elementor/assets/css/widget-video.min.css?ver=3.24.7 HTTP/1.1" 200 413 "https://krishikranti.com.np/" "Mozilla/5.0 (Linux; Android 6.0.1; Nexus 5X Build/MMB29P) AppleWebKit/537.36 (KHTML, like Gecko) Chrome/153.0.8010.47 Mobile Safari/537.36 (compatible; Googlebot/2.1; +http://www.google.com/bot.html)"
209.42.28.163 - - [18/Sep/2026:18:42:28 +0000] "POST /wp-cron.php?doing_wp_cron=1789756948.0449650287628173828125 HTTP/1.1" 200 0 "-" "WordPress/7.1.1; https://krishikranti.com.np"
192.178.6.137 - - [18/Sep/2026:18:42:27 +0000] "GET /wp-content/plugins/rometheme-for-elementor/widgets/assets/css/postlist.css?ver=1.5.1 HTTP/1.1" 404 11459 "https://krishikranti.com.np/" "Mozilla/5.0 (Linux; Android 6.0.1; Nexus 5X Build/MMB29P) AppleWebKit/537.36 (KHTML, like Gecko) Chrome/153.0.8010.47 Mobile Safari/537.36 (compatible; Googlebot/2.1; +http://www.google.com/bot.html)"
